Last updated on 2024-08-07 00:49:11 CEST.
Flavor | Version | Tinstall | Tcheck | Ttotal | Status | Flags |
---|---|---|---|---|---|---|
r-devel-linux-x86_64-debian-clang | 1.2.1 | 3.76 | 28.82 | 32.58 | NOTE | |
r-devel-linux-x86_64-debian-gcc | 1.2.1 | 2.73 | 21.86 | 24.59 | NOTE | |
r-devel-linux-x86_64-fedora-clang | 1.2.1 | 52.30 | NOTE | |||
r-devel-linux-x86_64-fedora-gcc | 1.2.1 | 49.67 | NOTE | |||
r-devel-windows-x86_64 | 1.2.1 | 8.00 | 57.00 | 65.00 | OK | |
r-patched-linux-x86_64 | 1.2.1 | 4.05 | 27.25 | 31.30 | NOTE | |
r-release-linux-x86_64 | 1.2.1 | 3.42 | 27.37 | 30.79 | NOTE | |
r-release-macos-arm64 | 1.2.1 | 22.00 | OK | |||
r-release-macos-x86_64 | 1.2.1 | 30.00 | OK | |||
r-release-windows-x86_64 | 1.2.1 | 7.00 | 56.00 | 63.00 | OK | |
r-oldrel-macos-arm64 | 1.2.1 | 23.00 | OK | |||
r-oldrel-macos-x86_64 | 1.2.1 | 29.00 | OK | |||
r-oldrel-windows-x86_64 | 1.2.1 | 7.00 | 60.00 | 67.00 | OK |
Version: 1.2.1
Check: for non-standard things in the check directory
Result: NOTE
Found the following files/directories:
‘stuve.pdf’
Flavors: r-devel-linux-x86_64-debian-clang, r-devel-linux-x86_64-debian-gcc, r-devel-linux-x86_64-fedora-clang, r-devel-linux-x86_64-fedora-gcc, r-patched-linux-x86_64, r-release-linux-x86_64