Last updated on 2024-08-07 00:49:11 CEST.
Flavor | Version | Tinstall | Tcheck | Ttotal | Status | Flags |
---|---|---|---|---|---|---|
r-devel-linux-x86_64-debian-clang | 1.0.2 | 15.30 | 42.16 | 57.46 | NOTE | |
r-devel-linux-x86_64-debian-gcc | 1.0.2 | 10.63 | 32.09 | 42.72 | NOTE | |
r-devel-linux-x86_64-fedora-clang | 1.0.2 | 108.38 | NOTE | |||
r-devel-linux-x86_64-fedora-gcc | 1.0.2 | 103.25 | NOTE | |||
r-devel-windows-x86_64 | 1.0.2 | 21.00 | 83.00 | 104.00 | NOTE | |
r-patched-linux-x86_64 | 1.0.2 | 14.67 | 41.71 | 56.38 | NOTE | |
r-release-linux-x86_64 | 1.0.2 | 15.64 | 41.81 | 57.45 | NOTE | |
r-release-macos-arm64 | 1.0.2 | 33.00 | NOTE | |||
r-release-macos-x86_64 | 1.0.2 | 48.00 | NOTE | |||
r-release-windows-x86_64 | 1.0.2 | 22.00 | 82.00 | 104.00 | NOTE | |
r-oldrel-macos-arm64 | 1.0.2 | 39.00 | NOTE | |||
r-oldrel-macos-x86_64 | 1.0.2 | 58.00 | NOTE | |||
r-oldrel-windows-x86_64 | 1.0.2 | 22.00 | 87.00 | 109.00 | NOTE |
Version: 1.0.2
Check: C++ specification
Result: NOTE
Specified C++11: please drop specification unless essential
Flavors: r-devel-linux-x86_64-debian-clang, r-devel-linux-x86_64-debian-gcc, r-devel-linux-x86_64-fedora-clang, r-devel-linux-x86_64-fedora-gcc, r-devel-windows-x86_64, r-patched-linux-x86_64, r-release-linux-x86_64, r-release-macos-arm64, r-release-macos-x86_64, r-release-windows-x86_64, r-oldrel-macos-arm64, r-oldrel-macos-x86_64, r-oldrel-windows-x86_64
Version: 1.0.2
Check: compiled code
Result: NOTE
File ‘ambient/libs/ambient.so’:
Found non-API calls to R: ‘SETLENGTH’, ‘SET_GROWABLE_BIT’,
‘SET_TRUELENGTH’
Compiled code should not call non-API entry points in R.
See ‘Writing portable packages’ in the ‘Writing R Extensions’ manual,
and section ‘Moving into C API compliance’ for issues with the use of
non-API entry points.
Flavors: r-devel-linux-x86_64-debian-clang, r-devel-linux-x86_64-debian-gcc, r-devel-linux-x86_64-fedora-clang, r-devel-linux-x86_64-fedora-gcc
Version: 1.0.2
Check: compiled code
Result: NOTE
File 'ambient/libs/x64/ambient.dll':
Found non-API calls to R: 'SETLENGTH', 'SET_GROWABLE_BIT',
'SET_TRUELENGTH'
Compiled code should not call non-API entry points in R.
See 'Writing portable packages' in the 'Writing R Extensions' manual,
and section 'Moving into C API compliance' for issues with the use of
non-API entry points.
Flavor: r-devel-windows-x86_64