Last updated on 2024-08-07 00:49:11 CEST.
Flavor | Version | Tinstall | Tcheck | Ttotal | Status | Flags |
---|---|---|---|---|---|---|
r-devel-linux-x86_64-debian-clang | 0.2.1 | 1.90 | 23.88 | 25.78 | NOTE | |
r-devel-linux-x86_64-debian-gcc | 0.2.1 | 1.30 | 18.90 | 20.20 | NOTE | |
r-devel-linux-x86_64-fedora-clang | 0.2.1 | 42.81 | NOTE | |||
r-devel-linux-x86_64-fedora-gcc | 0.2.1 | 54.46 | NOTE | |||
r-devel-windows-x86_64 | 0.2.1 | 3.00 | 45.00 | 48.00 | NOTE | |
r-patched-linux-x86_64 | 0.2.1 | 1.94 | 22.79 | 24.73 | NOTE | |
r-release-linux-x86_64 | 0.2.1 | 1.54 | 23.12 | 24.66 | NOTE | |
r-release-macos-arm64 | 0.2.1 | 23.00 | NOTE | |||
r-release-macos-x86_64 | 0.2.1 | 34.00 | NOTE | |||
r-release-windows-x86_64 | 0.2.1 | 3.00 | 45.00 | 48.00 | NOTE | |
r-oldrel-macos-arm64 | 0.2.1 | 23.00 | NOTE | |||
r-oldrel-macos-x86_64 | 0.2.1 | 37.00 | NOTE | |||
r-oldrel-windows-x86_64 | 0.2.1 | 3.00 | 45.00 | 48.00 | NOTE |
Version: 0.2.1
Check: LazyData
Result: NOTE
'LazyData' is specified without a 'data' directory
Flavors: r-devel-linux-x86_64-debian-clang, r-devel-linux-x86_64-debian-gcc, r-devel-linux-x86_64-fedora-clang, r-devel-linux-x86_64-fedora-gcc, r-devel-windows-x86_64, r-patched-linux-x86_64, r-release-linux-x86_64, r-release-macos-arm64, r-release-macos-x86_64, r-release-windows-x86_64, r-oldrel-macos-arm64, r-oldrel-macos-x86_64, r-oldrel-windows-x86_64