Last updated on 2024-08-07 00:49:11 CEST.
Flavor | Version | Tinstall | Tcheck | Ttotal | Status | Flags |
---|---|---|---|---|---|---|
r-devel-linux-x86_64-debian-clang | 1.0.3 | 5.78 | 39.91 | 45.69 | NOTE | |
r-devel-linux-x86_64-debian-gcc | 1.0.3 | 3.46 | 30.52 | 33.98 | NOTE | |
r-devel-linux-x86_64-fedora-clang | 1.0.3 | 68.97 | OK | |||
r-devel-linux-x86_64-fedora-gcc | 1.0.3 | 67.60 | OK | |||
r-devel-windows-x86_64 | 1.0.3 | 5.00 | 62.00 | 67.00 | NOTE | |
r-patched-linux-x86_64 | 1.0.3 | 12.04 | 38.24 | 50.28 | OK | |
r-release-linux-x86_64 | 1.0.3 | 5.93 | 38.33 | 44.26 | OK | |
r-release-macos-arm64 | 1.0.3 | 29.00 | OK | |||
r-release-macos-x86_64 | 1.0.3 | 41.00 | OK | |||
r-release-windows-x86_64 | 1.0.3 | 5.00 | 62.00 | 67.00 | OK | |
r-oldrel-macos-arm64 | 1.0.3 | 36.00 | OK | |||
r-oldrel-macos-x86_64 | 1.0.3 | 52.00 | OK | |||
r-oldrel-windows-x86_64 | 1.0.3 | 6.00 | 66.00 | 72.00 | OK |
Version: 1.0.3
Check: Rd cross-references
Result: NOTE
Found the following Rd file(s) with Rd \link{} targets missing package
anchors:
amExample1.Rd: allelematch
amExample2.Rd: allelematch
amExample3.Rd: allelematch
amExample4.Rd: allelematch
amExample5.Rd: allelematch
amregtest.Rd: allelematch
artData.Rd: amDataset, allelematch
artRun.Rd: allelematch
artVersion.Rd: allelematch-package
ggSample.Rd: allelematch
Please provide package anchors for all Rd \link{} targets not in the
package itself and the base packages.
Flavors: r-devel-linux-x86_64-debian-clang, r-devel-linux-x86_64-debian-gcc, r-devel-windows-x86_64