Last updated on 2024-08-07 00:49:11 CEST.
Flavor | Version | Tinstall | Tcheck | Ttotal | Status | Flags |
---|---|---|---|---|---|---|
r-devel-linux-x86_64-debian-clang | 2.7.7 | 24.13 | 187.03 | 211.16 | OK | |
r-devel-linux-x86_64-debian-gcc | 2.7.7 | 15.10 | 127.71 | 142.81 | OK | |
r-devel-linux-x86_64-fedora-clang | 2.7.7 | 364.36 | NOTE | |||
r-devel-linux-x86_64-fedora-gcc | 2.7.7 | 334.18 | NOTE | |||
r-devel-windows-x86_64 | 2.7.7 | 25.00 | 199.00 | 224.00 | NOTE | |
r-patched-linux-x86_64 | 2.7.7 | 24.51 | 178.86 | 203.37 | OK | |
r-release-linux-x86_64 | 2.7.7 | 20.42 | 178.26 | 198.68 | OK | |
r-release-macos-arm64 | 2.7.7 | 115.00 | NOTE | |||
r-release-macos-x86_64 | 2.7.7 | 143.00 | NOTE | |||
r-release-windows-x86_64 | 2.7.7 | 26.00 | 194.00 | 220.00 | NOTE | |
r-oldrel-macos-arm64 | 2.7.7 | 128.00 | NOTE | |||
r-oldrel-macos-x86_64 | 2.7.7 | 242.00 | NOTE | |||
r-oldrel-windows-x86_64 | 2.7.7 | 30.00 | 250.00 | 280.00 | NOTE |
Version: 2.7.7
Check: package dependencies
Result: NOTE
Package suggested but not available for checking: ‘FedData’
Flavors: r-devel-linux-x86_64-fedora-clang, r-devel-linux-x86_64-fedora-gcc
Version: 2.7.7
Check: installed package size
Result: NOTE
installed size is 7.1Mb
sub-directories of 1Mb or more:
extdata 5.5Mb
Flavors: r-devel-linux-x86_64-fedora-clang, r-devel-windows-x86_64, r-release-macos-arm64, r-release-macos-x86_64, r-release-windows-x86_64, r-oldrel-macos-arm64, r-oldrel-macos-x86_64, r-oldrel-windows-x86_64