Last updated on 2024-08-07 00:49:11 CEST.
Flavor | Version | Tinstall | Tcheck | Ttotal | Status | Flags |
---|---|---|---|---|---|---|
r-devel-linux-x86_64-debian-clang | 0.2.1 | 178.81 | 28.90 | 207.71 | OK | |
r-devel-linux-x86_64-debian-gcc | 0.2.1 | 142.04 | 22.21 | 164.25 | OK | |
r-devel-linux-x86_64-fedora-clang | 0.2.1 | 361.79 | NOTE | |||
r-devel-linux-x86_64-fedora-gcc | 0.2.1 | 361.85 | OK | |||
r-devel-windows-x86_64 | 0.2.1 | 134.00 | 67.00 | 201.00 | OK | |
r-patched-linux-x86_64 | 0.2.1 | 177.65 | 27.82 | 205.47 | OK | |
r-release-linux-x86_64 | 0.2.1 | 179.55 | 27.95 | 207.50 | OK | |
r-release-macos-arm64 | 0.2.1 | 84.00 | OK | |||
r-release-macos-x86_64 | 0.2.1 | 210.00 | OK | |||
r-release-windows-x86_64 | 0.2.1 | 117.00 | 51.00 | 168.00 | OK | |
r-oldrel-macos-arm64 | 0.2.1 | 87.00 | NOTE | |||
r-oldrel-macos-x86_64 | 0.2.1 | 153.00 | NOTE | |||
r-oldrel-windows-x86_64 | 0.2.1 | 142.00 | 71.00 | 213.00 | NOTE |
Version: 0.2.1
Check: installed package size
Result: NOTE
installed size is 5.5Mb
sub-directories of 1Mb or more:
libs 5.2Mb
Flavor: r-devel-linux-x86_64-fedora-clang
Version: 0.2.1
Check: R code for possible problems
Result: NOTE
sort_asap: no visible global function definition for ‘sort_by’
Undefined global functions or variables:
sort_by
Flavors: r-oldrel-macos-arm64, r-oldrel-macos-x86_64, r-oldrel-windows-x86_64