Last updated on 2024-08-08 08:49:10 CEST.
Flavor | Version | Tinstall | Tcheck | Ttotal | Status | Flags |
---|---|---|---|---|---|---|
r-devel-linux-x86_64-debian-clang | 2.2-0.1 | 3.52 | 119.54 | 123.06 | NOTE | |
r-devel-linux-x86_64-debian-gcc | 2.2-0.1 | 2.92 | 72.50 | 75.42 | NOTE | |
r-devel-linux-x86_64-fedora-clang | 2.2-0.1 | 203.03 | OK | |||
r-devel-linux-x86_64-fedora-gcc | 2.2-0.1 | 207.71 | OK | |||
r-devel-windows-x86_64 | 2.2-0.1 | 5.00 | 142.00 | 147.00 | NOTE | |
r-patched-linux-x86_64 | 2.2-0.1 | 6.92 | 112.55 | 119.47 | OK | |
r-release-linux-x86_64 | 2.2-0.1 | 3.20 | 111.75 | 114.95 | OK | |
r-release-macos-arm64 | 2.2-0.1 | 56.00 | OK | |||
r-release-macos-x86_64 | 2.2-0.1 | 94.00 | OK | |||
r-release-windows-x86_64 | 2.2-0.1 | 6.00 | 142.00 | 148.00 | OK | |
r-oldrel-macos-arm64 | 2.2-0.1 | 85.00 | OK | |||
r-oldrel-macos-x86_64 | 2.2-0.1 | 143.00 | OK | |||
r-oldrel-windows-x86_64 | 2.2-0.1 | 6.00 | 172.00 | 178.00 | OK |
Version: 2.2-0.1
Check: Rd cross-references
Result: NOTE
Found the following Rd file(s) with Rd \link{} targets missing package
anchors:
as.archetypes.Rd: parameters
Please provide package anchors for all Rd \link{} targets not in the
package itself and the base packages.
Flavors: r-devel-linux-x86_64-debian-clang, r-devel-linux-x86_64-debian-gcc, r-devel-windows-x86_64