Last updated on 2024-08-07 00:49:11 CEST.
Flavor | Version | Tinstall | Tcheck | Ttotal | Status | Flags |
---|---|---|---|---|---|---|
r-devel-linux-x86_64-debian-clang | 0.1.4 | 75.46 | 20.09 | 95.55 | OK | |
r-devel-linux-x86_64-debian-gcc | 0.1.4 | 58.65 | 16.27 | 74.92 | OK | |
r-devel-linux-x86_64-fedora-clang | 0.1.4 | 7.25 | ERROR | |||
r-devel-linux-x86_64-fedora-gcc | 0.1.4 | 7.55 | ERROR | |||
r-devel-windows-x86_64 | 0.1.4 | 64.00 | 63.00 | 127.00 | OK | |
r-patched-linux-x86_64 | 0.1.4 | 74.60 | 19.52 | 94.12 | OK | |
r-release-linux-x86_64 | 0.1.4 | 76.56 | 19.48 | 96.04 | OK | |
r-release-macos-arm64 | 0.1.4 | 42.00 | NOTE | |||
r-release-macos-x86_64 | 0.1.4 | 80.00 | NOTE | |||
r-release-windows-x86_64 | 0.1.4 | 68.00 | 76.00 | 144.00 | OK | |
r-oldrel-macos-arm64 | 0.1.4 | 47.00 | NOTE | |||
r-oldrel-macos-x86_64 | 0.1.4 | 29.00 | ERROR | |||
r-oldrel-windows-x86_64 | 0.1.4 | 67.00 | 71.00 | 138.00 | OK |
Version: 0.1.4
Check: package dependencies
Result: NOTE
Package suggested but not available for checking: ‘arcgislayers’
Flavors: r-devel-linux-x86_64-fedora-clang, r-devel-linux-x86_64-fedora-gcc
Version: 0.1.4
Check: whether package can be installed
Result: ERROR
Installation failed.
Flavors: r-devel-linux-x86_64-fedora-clang, r-devel-linux-x86_64-fedora-gcc, r-oldrel-macos-x86_64
Version: 0.1.4
Check: installed package size
Result: NOTE
installed size is 8.3Mb
sub-directories of 1Mb or more:
libs 8.2Mb
Flavors: r-release-macos-arm64, r-release-macos-x86_64, r-oldrel-macos-arm64