Last updated on 2024-08-07 00:49:11 CEST.
Flavor | Version | Tinstall | Tcheck | Ttotal | Status | Flags |
---|---|---|---|---|---|---|
r-devel-linux-x86_64-debian-clang | 0.2.0 | 5.61 | 19.04 | 24.65 | NOTE | |
r-devel-linux-x86_64-debian-gcc | 0.2.0 | 3.44 | 15.05 | 18.49 | NOTE | |
r-devel-linux-x86_64-fedora-clang | 0.2.0 | 43.52 | NOTE | |||
r-devel-linux-x86_64-fedora-gcc | 0.2.0 | 39.24 | NOTE | |||
r-devel-windows-x86_64 | 0.2.0 | 8.00 | 45.00 | 53.00 | NOTE | |
r-patched-linux-x86_64 | 0.2.0 | 4.43 | 18.26 | 22.69 | OK | |
r-release-linux-x86_64 | 0.2.0 | 4.64 | 18.28 | 22.92 | OK | |
r-release-macos-arm64 | 0.2.0 | 18.00 | OK | |||
r-release-macos-x86_64 | 0.2.0 | 28.00 | OK | |||
r-release-windows-x86_64 | 0.2.0 | 8.00 | 45.00 | 53.00 | OK | |
r-oldrel-macos-arm64 | 0.2.0 | 36.00 | OK | |||
r-oldrel-macos-x86_64 | 0.2.0 | 42.00 | OK | |||
r-oldrel-windows-x86_64 | 0.2.0 | 9.00 | 49.00 | 58.00 | OK |
Version: 0.2.0
Check: compiled code
Result: NOTE
File ‘area/libs/area.so’:
Found non-API calls to R: ‘SETLENGTH’, ‘SET_GROWABLE_BIT’,
‘SET_TRUELENGTH’
Compiled code should not call non-API entry points in R.
See ‘Writing portable packages’ in the ‘Writing R Extensions’ manual,
and section ‘Moving into C API compliance’ for issues with the use of
non-API entry points.
Flavors: r-devel-linux-x86_64-debian-clang, r-devel-linux-x86_64-debian-gcc, r-devel-linux-x86_64-fedora-clang, r-devel-linux-x86_64-fedora-gcc
Version: 0.2.0
Check: compiled code
Result: NOTE
File 'area/libs/x64/area.dll':
Found non-API calls to R: 'SETLENGTH', 'SET_GROWABLE_BIT',
'SET_TRUELENGTH'
Compiled code should not call non-API entry points in R.
See 'Writing portable packages' in the 'Writing R Extensions' manual,
and section 'Moving into C API compliance' for issues with the use of
non-API entry points.
Flavor: r-devel-windows-x86_64