Last updated on 2024-08-07 00:49:11 CEST.
Flavor | Version | Tinstall | Tcheck | Ttotal | Status | Flags |
---|---|---|---|---|---|---|
r-devel-linux-x86_64-debian-clang | 0.3.5 | 6.86 | 61.02 | 67.88 | NOTE | |
r-devel-linux-x86_64-debian-gcc | 0.3.5 | 4.94 | 44.35 | 49.29 | NOTE | |
r-devel-linux-x86_64-fedora-clang | 0.3.5 | 112.36 | NOTE | |||
r-devel-linux-x86_64-fedora-gcc | 0.3.5 | 116.06 | NOTE | |||
r-devel-windows-x86_64 | 0.3.5 | 9.00 | 75.00 | 84.00 | NOTE | |
r-patched-linux-x86_64 | 0.3.5 | 6.83 | 58.85 | 65.68 | NOTE | |
r-release-linux-x86_64 | 0.3.5 | 6.73 | 59.58 | 66.31 | NOTE | |
r-release-macos-arm64 | 0.3.5 | 40.00 | NOTE | |||
r-release-macos-x86_64 | 0.3.5 | 70.00 | NOTE | |||
r-release-windows-x86_64 | 0.3.5 | 9.00 | 72.00 | 81.00 | NOTE | |
r-oldrel-macos-arm64 | 0.3.5 | 33.00 | NOTE | |||
r-oldrel-macos-x86_64 | 0.3.5 | 49.00 | NOTE | |||
r-oldrel-windows-x86_64 | 0.3.5 | 11.00 | 85.00 | 96.00 | NOTE |
Version: 0.3.5
Check: LazyData
Result: NOTE
'LazyData' is specified without a 'data' directory
Flavors: r-devel-linux-x86_64-debian-clang, r-devel-linux-x86_64-debian-gcc, r-devel-linux-x86_64-fedora-clang, r-devel-linux-x86_64-fedora-gcc, r-devel-windows-x86_64, r-patched-linux-x86_64, r-release-linux-x86_64, r-release-macos-arm64, r-release-macos-x86_64, r-release-windows-x86_64, r-oldrel-macos-arm64, r-oldrel-macos-x86_64, r-oldrel-windows-x86_64