Last updated on 2024-08-07 00:49:11 CEST.
Flavor | Version | Tinstall | Tcheck | Ttotal | Status | Flags |
---|---|---|---|---|---|---|
r-devel-linux-x86_64-debian-clang | 0.9.1 | 52.81 | 388.79 | 441.60 | OK | |
r-devel-linux-x86_64-debian-gcc | 0.9.1 | 40.01 | 289.28 | 329.29 | OK | |
r-devel-linux-x86_64-fedora-clang | 0.9.1 | 728.45 | OK | |||
r-devel-linux-x86_64-fedora-gcc | 0.9.1 | 696.90 | OK | |||
r-devel-windows-x86_64 | 0.9.1 | 57.00 | 343.00 | 400.00 | OK | |
r-patched-linux-x86_64 | 0.9.1 | 48.83 | 371.91 | 420.74 | OK | |
r-release-linux-x86_64 | 0.9.1 | 49.39 | 376.23 | 425.62 | OK | |
r-release-macos-arm64 | 0.9.1 | 216.00 | OK | |||
r-release-macos-x86_64 | 0.9.1 | 341.00 | OK | |||
r-release-windows-x86_64 | 0.9.1 | 56.00 | 350.00 | 406.00 | OK | |
r-oldrel-macos-arm64 | 0.9.1 | 11.00 | ERROR | |||
r-oldrel-macos-x86_64 | 0.9.1 | 11.00 | ERROR | |||
r-oldrel-windows-x86_64 | 0.9.1 | 76.00 | 459.00 | 535.00 | OK |
Version: 0.9.1
Check: package dependencies
Result: ERROR
Package required but not available: ‘GSVA’
See section ‘The DESCRIPTION file’ in the ‘Writing R Extensions’
manual.
Flavors: r-oldrel-macos-arm64, r-oldrel-macos-x86_64