Last updated on 2024-08-07 00:49:11 CEST.
Flavor | Version | Tinstall | Tcheck | Ttotal | Status | Flags |
---|---|---|---|---|---|---|
r-devel-linux-x86_64-debian-clang | 1.0.12 | 8.06 | 66.99 | 75.05 | NOTE | |
r-devel-linux-x86_64-debian-gcc | 1.0.12 | 5.58 | 49.35 | 54.93 | NOTE | |
r-devel-linux-x86_64-fedora-clang | 1.0.12 | 115.72 | NOTE | |||
r-devel-linux-x86_64-fedora-gcc | 1.0.12 | 111.44 | NOTE | |||
r-devel-windows-x86_64 | 1.0.12 | 9.00 | 149.00 | 158.00 | NOTE | |
r-patched-linux-x86_64 | 1.0.12 | 7.43 | 63.36 | 70.79 | NOTE | |
r-release-linux-x86_64 | 1.0.12 | 7.28 | 63.69 | 70.97 | NOTE | |
r-release-macos-arm64 | 1.0.12 | 32.00 | NOTE | |||
r-release-macos-x86_64 | 1.0.12 | 51.00 | NOTE | |||
r-release-windows-x86_64 | 1.0.12 | 8.00 | 145.00 | 153.00 | NOTE | |
r-oldrel-macos-arm64 | 1.0.12 | 35.00 | NOTE | |||
r-oldrel-macos-x86_64 | 1.0.12 | 59.00 | NOTE | |||
r-oldrel-windows-x86_64 | 1.0.12 | 11.00 | 124.00 | 135.00 | NOTE |
Version: 1.0.12
Check: LazyData
Result: NOTE
'LazyData' is specified without a 'data' directory
Flavors: r-devel-linux-x86_64-debian-clang, r-devel-linux-x86_64-debian-gcc, r-devel-linux-x86_64-fedora-clang, r-devel-linux-x86_64-fedora-gcc, r-devel-windows-x86_64, r-patched-linux-x86_64, r-release-linux-x86_64, r-release-macos-arm64, r-release-macos-x86_64, r-release-windows-x86_64, r-oldrel-macos-arm64, r-oldrel-macos-x86_64, r-oldrel-windows-x86_64
Version: 1.0.12
Check: Rd cross-references
Result: NOTE
Undeclared package ‘tensorflow’ in Rd xrefs
Flavor: r-devel-linux-x86_64-fedora-clang