Last updated on 2024-08-07 00:49:13 CEST.
Flavor | Version | Tinstall | Tcheck | Ttotal | Status | Flags |
---|---|---|---|---|---|---|
r-devel-linux-x86_64-debian-clang | 2.2.9 | 250.65 | 65.75 | 316.40 | OK | |
r-devel-linux-x86_64-debian-gcc | 2.2.9 | 178.55 | 57.95 | 236.50 | OK | |
r-devel-linux-x86_64-fedora-clang | 2.2.9 | 404.22 | OK | |||
r-devel-linux-x86_64-fedora-gcc | 2.2.9 | 590.52 | OK | |||
r-devel-windows-x86_64 | 2.2.9 | 180.00 | 110.00 | 290.00 | OK | |
r-patched-linux-x86_64 | 2.2.9 | 214.60 | 76.91 | 291.51 | OK | |
r-release-linux-x86_64 | 2.2.9 | 235.66 | 77.63 | 313.29 | OK | |
r-release-macos-arm64 | 2.2.9 | 121.00 | NOTE | |||
r-release-macos-x86_64 | 2.2.9 | 214.00 | NOTE | |||
r-release-windows-x86_64 | 2.2.9 | 184.00 | 114.00 | 298.00 | OK | |
r-oldrel-macos-arm64 | 2.2.9 | 139.00 | NOTE | |||
r-oldrel-macos-x86_64 | 2.2.9 | 378.00 | NOTE | |||
r-oldrel-windows-x86_64 | 2.2.9 | 285.00 | 135.00 | 420.00 | OK |
Version: 2.2.9
Check: installed package size
Result: NOTE
installed size is 127.3Mb
sub-directories of 1Mb or more:
libs 126.9Mb
Flavors: r-release-macos-arm64, r-release-macos-x86_64, r-oldrel-macos-arm64, r-oldrel-macos-x86_64