Last updated on 2024-08-07 00:49:11 CEST.
Flavor | Version | Tinstall | Tcheck | Ttotal | Status | Flags |
---|---|---|---|---|---|---|
r-devel-linux-x86_64-debian-clang | 0.5.0 | 59.91 | 390.86 | 450.77 | OK | |
r-devel-linux-x86_64-debian-gcc | 0.5.0 | 40.76 | 250.85 | 291.61 | OK | |
r-devel-linux-x86_64-fedora-clang | 0.5.0 | 787.04 | NOTE | |||
r-devel-linux-x86_64-fedora-gcc | 0.5.0 | 755.65 | NOTE | |||
r-devel-windows-x86_64 | 0.5.0 | 61.00 | 432.00 | 493.00 | OK | |
r-patched-linux-x86_64 | 0.5.0 | 53.54 | 369.99 | 423.53 | OK | |
r-release-linux-x86_64 | 0.5.0 | 54.88 | 376.94 | 431.82 | OK | |
r-release-macos-arm64 | 0.5.0 | 244.00 | OK | |||
r-release-macos-x86_64 | 0.5.0 | 711.00 | OK | |||
r-release-windows-x86_64 | 0.5.0 | 59.00 | 418.00 | 477.00 | OK | |
r-oldrel-macos-arm64 | 0.5.0 | 284.00 | OK | |||
r-oldrel-macos-x86_64 | 0.5.0 | 520.00 | OK | |||
r-oldrel-windows-x86_64 | 0.5.0 | 75.00 | 574.00 | 649.00 | OK |
Version: 0.5.0
Check: dependencies in R code
Result: NOTE
Namespaces in Imports field not imported from:
‘crosstalk’ ‘plotly’
All declared Imports should be used.
Flavors: r-devel-linux-x86_64-fedora-clang, r-devel-linux-x86_64-fedora-gcc