Last updated on 2024-08-07 00:49:11 CEST.
Flavor | Version | Tinstall | Tcheck | Ttotal | Status | Flags |
---|---|---|---|---|---|---|
r-devel-linux-x86_64-debian-clang | 1.0 | 12.08 | 94.18 | 106.26 | NOTE | |
r-devel-linux-x86_64-debian-gcc | 1.0 | 8.05 | 69.96 | 78.01 | NOTE | |
r-devel-linux-x86_64-fedora-clang | 1.0 | 174.20 | NOTE | |||
r-devel-linux-x86_64-fedora-gcc | 1.0 | 173.55 | NOTE | |||
r-devel-windows-x86_64 | 1.0 | 12.00 | 101.00 | 113.00 | NOTE | |
r-patched-linux-x86_64 | 1.0 | 11.39 | 89.77 | 101.16 | NOTE | |
r-release-linux-x86_64 | 1.0 | 11.17 | 91.08 | 102.25 | NOTE | |
r-release-macos-arm64 | 1.0 | 56.00 | NOTE | |||
r-release-macos-x86_64 | 1.0 | 88.00 | NOTE | |||
r-release-windows-x86_64 | 1.0 | 12.00 | 100.00 | 112.00 | NOTE | |
r-oldrel-macos-arm64 | 1.0 | 61.00 | NOTE | |||
r-oldrel-macos-x86_64 | 1.0 | 93.00 | NOTE | |||
r-oldrel-windows-x86_64 | 1.0 | 17.00 | 124.00 | 141.00 | NOTE |
Version: 1.0
Check: LazyData
Result: NOTE
'LazyData' is specified without a 'data' directory
Flavors: r-devel-linux-x86_64-debian-clang, r-devel-linux-x86_64-debian-gcc, r-devel-linux-x86_64-fedora-clang, r-devel-linux-x86_64-fedora-gcc, r-devel-windows-x86_64, r-patched-linux-x86_64, r-release-linux-x86_64, r-release-macos-arm64, r-release-macos-x86_64, r-release-windows-x86_64, r-oldrel-macos-arm64, r-oldrel-macos-x86_64, r-oldrel-windows-x86_64
Version: 1.0
Check: dependencies in R code
Result: NOTE
Namespace in Imports field not imported from: ‘splines’
All declared Imports should be used.
Flavors: r-devel-linux-x86_64-fedora-clang, r-devel-linux-x86_64-fedora-gcc