Last updated on 2024-08-07 00:49:11 CEST.
Flavor | Version | Tinstall | Tcheck | Ttotal | Status | Flags |
---|---|---|---|---|---|---|
r-devel-linux-x86_64-debian-clang | 1.1.5 | 14.07 | 102.36 | 116.43 | OK | |
r-devel-linux-x86_64-debian-gcc | 1.1.5 | 9.79 | 73.73 | 83.52 | OK | |
r-devel-linux-x86_64-fedora-clang | 1.1.5 | 188.16 | NOTE | |||
r-devel-linux-x86_64-fedora-gcc | 1.1.5 | 173.53 | OK | |||
r-devel-windows-x86_64 | 1.1.5 | 14.00 | 108.00 | 122.00 | OK | |
r-patched-linux-x86_64 | 1.1.5 | 10.52 | 97.18 | 107.70 | OK | |
r-release-linux-x86_64 | 1.1.5 | 12.16 | 97.70 | 109.86 | OK | |
r-release-macos-arm64 | 1.1.5 | 62.00 | OK | |||
r-release-macos-x86_64 | 1.1.5 | 73.00 | OK | |||
r-release-windows-x86_64 | 1.1.5 | 14.00 | 106.00 | 120.00 | OK | |
r-oldrel-macos-arm64 | 1.1.5 | 65.00 | OK | |||
r-oldrel-macos-x86_64 | 1.1.5 | 98.00 | OK | |||
r-oldrel-windows-x86_64 | 1.1.5 | 20.00 | 134.00 | 154.00 | OK |
Version: 1.1.5
Check: Rd cross-references
Result: NOTE
Undeclared package ‘generics’ in Rd xrefs
Flavor: r-devel-linux-x86_64-fedora-clang