Last updated on 2024-08-07 00:49:11 CEST.
Flavor | Version | Tinstall | Tcheck | Ttotal | Status | Flags |
---|---|---|---|---|---|---|
r-devel-linux-x86_64-debian-clang | 1.0.1 | 23.41 | 698.76 | 722.17 | OK | |
r-devel-linux-x86_64-debian-gcc | 1.0.1 | 16.10 | 368.34 | 384.44 | OK | |
r-devel-linux-x86_64-fedora-clang | 1.0.1 | 1266.17 | NOTE | |||
r-devel-linux-x86_64-fedora-gcc | 1.0.1 | 1213.07 | NOTE | |||
r-devel-windows-x86_64 | 1.0.1 | 30.00 | 582.00 | 612.00 | OK | |
r-patched-linux-x86_64 | 1.0.1 | 24.07 | 668.67 | 692.74 | OK | |
r-release-linux-x86_64 | 1.0.1 | 20.97 | 656.98 | 677.95 | OK | |
r-release-macos-arm64 | 1.0.1 | 248.00 | OK | |||
r-release-macos-x86_64 | 1.0.1 | 442.00 | OK | |||
r-release-windows-x86_64 | 1.0.1 | 30.00 | 573.00 | 603.00 | OK | |
r-oldrel-macos-arm64 | 1.0.1 | 230.00 | OK | |||
r-oldrel-macos-x86_64 | 1.0.1 | 642.00 | OK | |||
r-oldrel-windows-x86_64 | 1.0.1 | 37.00 | 799.00 | 836.00 | OK |
Version: 1.0.1
Check: dependencies in R code
Result: NOTE
Namespace in Imports field not imported from: ‘ggplot2’
All declared Imports should be used.
Flavors: r-devel-linux-x86_64-fedora-clang, r-devel-linux-x86_64-fedora-gcc