Last updated on 2024-08-07 00:49:12 CEST.
Flavor | Version | Tinstall | Tcheck | Ttotal | Status | Flags |
---|---|---|---|---|---|---|
r-devel-linux-x86_64-debian-clang | 0.4-6 | 4.26 | 47.40 | 51.66 | NOTE | |
r-devel-linux-x86_64-debian-gcc | 0.4-6 | 3.42 | 34.39 | 37.81 | NOTE | |
r-devel-linux-x86_64-fedora-clang | 0.4-6 | 88.16 | NOTE | |||
r-devel-linux-x86_64-fedora-gcc | 0.4-6 | 81.69 | NOTE | |||
r-devel-windows-x86_64 | 0.4-6 | 6.00 | 72.00 | 78.00 | NOTE | |
r-patched-linux-x86_64 | 0.4-6 | 4.33 | 46.40 | 50.73 | NOTE | |
r-release-linux-x86_64 | 0.4-6 | 4.14 | 46.09 | 50.23 | NOTE | |
r-release-macos-arm64 | 0.4-6 | 30.00 | NOTE | |||
r-release-macos-x86_64 | 0.4-6 | 40.00 | NOTE | |||
r-release-windows-x86_64 | 0.4-6 | 6.00 | 73.00 | 79.00 | NOTE | |
r-oldrel-macos-arm64 | 0.4-6 | 28.00 | OK | |||
r-oldrel-macos-x86_64 | 0.4-6 | 72.00 | OK | |||
r-oldrel-windows-x86_64 | 0.4-6 | 7.00 | 73.00 | 80.00 | OK |
Version: 0.4-6
Check: Rd files
Result: NOTE
checkRd: (-1) plot-traj.Rd:71: Lost braces; missing escapes or markup?
71 | the plots are saved into directory {sim.dir}/predictions/migTrajectories.}
| ^
Flavors: r-devel-linux-x86_64-debian-clang, r-devel-linux-x86_64-debian-gcc, r-devel-linux-x86_64-fedora-clang, r-devel-linux-x86_64-fedora-gcc, r-devel-windows-x86_64, r-patched-linux-x86_64, r-release-linux-x86_64, r-release-macos-arm64, r-release-macos-x86_64, r-release-windows-x86_64
Version: 0.4-6
Check: Rd cross-references
Result: NOTE
Undeclared packages ‘rworldmap’, ‘snowFT’ in Rd xrefs
Flavor: r-devel-linux-x86_64-fedora-clang