Last updated on 2024-08-07 00:49:11 CEST.
Flavor | Version | Tinstall | Tcheck | Ttotal | Status | Flags |
---|---|---|---|---|---|---|
r-devel-linux-x86_64-debian-clang | 0.2.2 | 1.88 | 28.39 | 30.27 | NOTE | |
r-devel-linux-x86_64-debian-gcc | 0.2.2 | 1.52 | 21.78 | 23.30 | NOTE | |
r-devel-linux-x86_64-fedora-clang | 0.2.2 | 49.98 | NOTE | |||
r-devel-linux-x86_64-fedora-gcc | 0.2.2 | 46.09 | NOTE | |||
r-devel-windows-x86_64 | 0.2.2 | 3.00 | 49.00 | 52.00 | NOTE | |
r-patched-linux-x86_64 | 0.2.2 | 3.20 | 27.48 | 30.68 | NOTE | |
r-release-linux-x86_64 | 0.2.2 | 1.96 | 27.26 | 29.22 | NOTE | |
r-release-macos-arm64 | 0.2.2 | 19.00 | NOTE | |||
r-release-macos-x86_64 | 0.2.2 | 29.00 | NOTE | |||
r-release-windows-x86_64 | 0.2.2 | 3.00 | 49.00 | 52.00 | NOTE | |
r-oldrel-macos-arm64 | 0.2.2 | 21.00 | NOTE | |||
r-oldrel-macos-x86_64 | 0.2.2 | 29.00 | NOTE | |||
r-oldrel-windows-x86_64 | 0.2.2 | 4.00 | 54.00 | 58.00 | NOTE |
Version: 0.2.2
Check: Rd cross-references
Result: NOTE
Found the following Rd file(s) with Rd \link{} targets missing package
anchors:
plotPost.Rd: hdi
Please provide package anchors for all Rd \link{} targets not in the
package itself and the base packages.
Flavors: r-devel-linux-x86_64-debian-clang, r-devel-linux-x86_64-debian-gcc, r-devel-windows-x86_64
Version: 0.2.2
Check: LazyData
Result: NOTE
'LazyData' is specified without a 'data' directory
Flavors: r-devel-linux-x86_64-debian-clang, r-devel-linux-x86_64-debian-gcc, r-devel-linux-x86_64-fedora-clang, r-devel-linux-x86_64-fedora-gcc, r-devel-windows-x86_64, r-patched-linux-x86_64, r-release-linux-x86_64, r-release-macos-arm64, r-release-macos-x86_64, r-release-windows-x86_64, r-oldrel-macos-arm64, r-oldrel-macos-x86_64, r-oldrel-windows-x86_64