Last updated on 2024-08-07 00:49:12 CEST.
Flavor | Version | Tinstall | Tcheck | Ttotal | Status | Flags |
---|---|---|---|---|---|---|
r-devel-linux-x86_64-debian-clang | 1.0.1 | 717.18 | 321.14 | 1038.32 | NOTE | |
r-devel-linux-x86_64-debian-gcc | 1.0.1 | 521.01 | 266.74 | 787.75 | NOTE | |
r-devel-linux-x86_64-fedora-clang | 1.0.1 | 1484.26 | NOTE | |||
r-devel-linux-x86_64-fedora-gcc | 1.0.1 | 2054.57 | NOTE | |||
r-devel-windows-x86_64 | 1.0.1 | 593.00 | 375.00 | 968.00 | NOTE | |
r-patched-linux-x86_64 | 1.0.1 | 676.14 | 359.58 | 1035.72 | NOTE | |
r-release-linux-x86_64 | 1.0.1 | 679.99 | 357.43 | 1037.42 | NOTE | |
r-release-macos-arm64 | 1.0.1 | 420.00 | NOTE | |||
r-release-macos-x86_64 | 1.0.1 | 610.00 | NOTE | |||
r-release-windows-x86_64 | 1.0.1 | 587.00 | 374.00 | 961.00 | NOTE | |
r-oldrel-macos-arm64 | 1.0.1 | 364.00 | NOTE | |||
r-oldrel-macos-x86_64 | 1.0.1 | 568.00 | NOTE | |||
r-oldrel-windows-x86_64 | 1.0.1 | 813.00 | 481.00 | 1294.00 | NOTE |
Version: 1.0.1
Check: Rd cross-references
Result: NOTE
Found the following Rd file(s) with Rd \link{} targets missing package
anchors:
Holt.Rd: auto.arima
Hw.Rd: auto.arima
LocalLevel.Rd: auto.arima
autoplot.ts.Rd: geom_forecast, fortify
forecast.varstan.Rd: forecast.ts, ets, stlf
fourier.Rd: seasonaldummy
garch.Rd: auto.arima
loo.varstan.Rd: psis, pareto-k-diagnostic, loo_compare
ssm.Rd: auto.arima
stan_Holt.Rd: auto.arima
stan_Hw.Rd: auto.arima
stan_LocalLevel.Rd: auto.arima
stan_garch.Rd: auto.arima
stan_ssm.Rd: auto.arima
Please provide package anchors for all Rd \link{} targets not in the
package itself and the base packages.
Flavors: r-devel-linux-x86_64-debian-clang, r-devel-linux-x86_64-debian-gcc, r-devel-windows-x86_64
Version: 1.0.1
Check: for GNU extensions in Makefiles
Result: NOTE
GNU make is a SystemRequirements.
Flavors: r-devel-linux-x86_64-debian-clang, r-devel-linux-x86_64-debian-gcc, r-devel-linux-x86_64-fedora-clang, r-devel-linux-x86_64-fedora-gcc, r-devel-windows-x86_64, r-patched-linux-x86_64, r-release-linux-x86_64, r-release-macos-arm64, r-release-macos-x86_64, r-release-windows-x86_64, r-oldrel-macos-arm64, r-oldrel-macos-x86_64, r-oldrel-windows-x86_64
Version: 1.0.1
Check: installed package size
Result: NOTE
installed size is 9.5Mb
sub-directories of 1Mb or more:
libs 8.0Mb
Flavors: r-devel-linux-x86_64-fedora-clang, r-devel-windows-x86_64, r-release-macos-arm64, r-release-macos-x86_64, r-release-windows-x86_64, r-oldrel-macos-arm64, r-oldrel-macos-x86_64, r-oldrel-windows-x86_64
Version: 1.0.1
Check: dependencies in R code
Result: NOTE
Namespaces in Imports field not imported from:
‘RcppParallel’ ‘StanHeaders’ ‘astsa’
All declared Imports should be used.
Flavors: r-devel-linux-x86_64-fedora-clang, r-devel-linux-x86_64-fedora-gcc