Last updated on 2024-08-07 00:49:12 CEST.
Flavor | Version | Tinstall | Tcheck | Ttotal | Status | Flags |
---|---|---|---|---|---|---|
r-devel-linux-x86_64-debian-clang | 3.1-6 | 402.98 | 395.04 | 798.02 | OK | |
r-devel-linux-x86_64-debian-gcc | 3.1-6 | 270.87 | 229.81 | 500.68 | OK | |
r-devel-linux-x86_64-fedora-clang | 3.1-6 | 1535.73 | NOTE | |||
r-devel-linux-x86_64-fedora-gcc | 3.1-6 | 1500.25 | OK | |||
r-devel-windows-x86_64 | 3.1-6 | 422.00 | 420.00 | 842.00 | NOTE | |
r-patched-linux-x86_64 | 3.1-6 | 356.98 | 332.10 | 689.08 | OK | |
r-release-linux-x86_64 | 3.1-6 | 381.02 | 333.39 | 714.41 | OK | |
r-release-macos-arm64 | 3.1-6 | 314.00 | NOTE | |||
r-release-macos-x86_64 | 3.1-6 | 340.00 | NOTE | |||
r-release-windows-x86_64 | 3.1-6 | 425.00 | 420.00 | 845.00 | NOTE | |
r-oldrel-macos-arm64 | 3.1-6 | 338.00 | NOTE | |||
r-oldrel-macos-x86_64 | 3.1-6 | 594.00 | NOTE | |||
r-oldrel-windows-x86_64 | 3.1-6 | 502.00 | 501.00 | 1003.00 | NOTE |
Version: 3.1-6
Check: installed package size
Result: NOTE
installed size is 5.9Mb
sub-directories of 1Mb or more:
doc 2.9Mb
libs 1.5Mb
Flavors: r-devel-linux-x86_64-fedora-clang, r-devel-windows-x86_64, r-release-macos-arm64, r-release-macos-x86_64, r-release-windows-x86_64, r-oldrel-macos-arm64, r-oldrel-macos-x86_64, r-oldrel-windows-x86_64