Last updated on 2024-08-07 00:49:12 CEST.
Flavor | Version | Tinstall | Tcheck | Ttotal | Status | Flags |
---|---|---|---|---|---|---|
r-devel-linux-x86_64-debian-clang | 0.8.5 | 28.86 | 105.08 | 133.94 | NOTE | |
r-devel-linux-x86_64-debian-gcc | 0.8.5 | 20.64 | 78.54 | 99.18 | NOTE | |
r-devel-linux-x86_64-fedora-clang | 0.8.5 | 216.75 | NOTE | |||
r-devel-linux-x86_64-fedora-gcc | 0.8.5 | 208.14 | NOTE | |||
r-devel-windows-x86_64 | 0.8.5 | 20.00 | 100.00 | 120.00 | NOTE | |
r-patched-linux-x86_64 | 0.8.5 | 31.44 | 102.90 | 134.34 | OK | |
r-release-linux-x86_64 | 0.8.5 | 25.45 | 103.16 | 128.61 | OK | |
r-release-macos-arm64 | 0.8.5 | 51.00 | OK | |||
r-release-macos-x86_64 | 0.8.5 | 79.00 | OK | |||
r-release-windows-x86_64 | 0.8.5 | 20.00 | 97.00 | 117.00 | OK | |
r-oldrel-macos-arm64 | 0.8.5 | 41.00 | OK | |||
r-oldrel-macos-x86_64 | 0.8.5 | 67.00 | OK | |||
r-oldrel-windows-x86_64 | 0.8.5 | 26.00 | 119.00 | 145.00 | OK |
Version: 0.8.5
Check: Rd cross-references
Result: NOTE
Found the following Rd file(s) with Rd \link{} targets missing package
anchors:
stan.Rd: stan
Please provide package anchors for all Rd \link{} targets not in the
package itself and the base packages.
Flavors: r-devel-linux-x86_64-debian-clang, r-devel-linux-x86_64-debian-gcc, r-devel-windows-x86_64
Version: 0.8.5
Check: dependencies in R code
Result: NOTE
Namespace in Imports field not imported from: ‘dplyr’
All declared Imports should be used.
Flavors: r-devel-linux-x86_64-fedora-clang, r-devel-linux-x86_64-fedora-gcc