Last updated on 2024-08-07 00:49:12 CEST.
Flavor | Version | Tinstall | Tcheck | Ttotal | Status | Flags |
---|---|---|---|---|---|---|
r-devel-linux-x86_64-debian-clang | 2.5.1 | 5.24 | 48.28 | 53.52 | NOTE | |
r-devel-linux-x86_64-debian-gcc | 2.5.1 | 3.13 | 35.66 | 38.79 | NOTE | |
r-devel-linux-x86_64-fedora-clang | 2.5.1 | 87.21 | OK | |||
r-devel-linux-x86_64-fedora-gcc | 2.5.1 | 94.29 | OK | |||
r-devel-windows-x86_64 | 2.5.1 | 8.00 | 94.00 | 102.00 | NOTE | |
r-patched-linux-x86_64 | 2.5.1 | 11.01 | 48.52 | 59.53 | OK | |
r-release-linux-x86_64 | 2.5.1 | 4.16 | 47.81 | 51.97 | OK | |
r-release-macos-arm64 | 2.5.1 | 37.00 | OK | |||
r-release-macos-x86_64 | 2.5.1 | 80.00 | OK | |||
r-release-windows-x86_64 | 2.5.1 | 8.00 | 94.00 | 102.00 | OK | |
r-oldrel-macos-arm64 | 2.5.1 | 39.00 | OK | |||
r-oldrel-macos-x86_64 | 2.5.1 | 74.00 | OK | |||
r-oldrel-windows-x86_64 | 2.5.1 | 8.00 | 104.00 | 112.00 | OK |
Version: 2.5.1
Check: Rd cross-references
Result: NOTE
Found the following Rd file(s) with Rd \link{} targets missing package
anchors:
default_params_doc.Rd: check_rename_fun
remove_beastier_folder.Rd: beautier, remove_beautier_folder
rename_beast2_options_filenames.Rd: check_rename_fun
Please provide package anchors for all Rd \link{} targets not in the
package itself and the base packages.
Flavors: r-devel-linux-x86_64-debian-clang, r-devel-linux-x86_64-debian-gcc, r-devel-windows-x86_64