Last updated on 2024-08-07 00:49:12 CEST.
Flavor | Version | Tinstall | Tcheck | Ttotal | Status | Flags |
---|---|---|---|---|---|---|
r-devel-linux-x86_64-debian-clang | 1.8.5 | 4.08 | 39.54 | 43.62 | NOTE | |
r-devel-linux-x86_64-debian-gcc | 1.8.5 | 3.06 | 28.96 | 32.02 | NOTE | |
r-devel-linux-x86_64-fedora-clang | 1.8.5 | 70.85 | NOTE | |||
r-devel-linux-x86_64-fedora-gcc | 1.8.5 | 68.58 | NOTE | |||
r-devel-windows-x86_64 | 1.8.5 | 6.00 | 60.00 | 66.00 | NOTE | |
r-patched-linux-x86_64 | 1.8.5 | 4.71 | 37.95 | 42.66 | NOTE | |
r-release-linux-x86_64 | 1.8.5 | 3.28 | 38.22 | 41.50 | NOTE | |
r-release-macos-arm64 | 1.8.5 | 24.00 | NOTE | |||
r-release-macos-x86_64 | 1.8.5 | 36.00 | NOTE | |||
r-release-windows-x86_64 | 1.8.5 | 6.00 | 60.00 | 66.00 | NOTE | |
r-oldrel-macos-arm64 | 1.8.5 | 23.00 | NOTE | |||
r-oldrel-macos-x86_64 | 1.8.5 | 36.00 | NOTE | |||
r-oldrel-windows-x86_64 | 1.8.5 | 7.00 | 67.00 | 74.00 | NOTE |
Version: 1.8.5
Check: Rd files
Result: NOTE
checkRd: (-1) bgmm-package.Rd:23: Escaped LaTeX specials: \&
Flavors: r-devel-linux-x86_64-debian-clang, r-devel-linux-x86_64-debian-gcc, r-devel-linux-x86_64-fedora-clang, r-devel-linux-x86_64-fedora-gcc, r-devel-windows-x86_64, r-patched-linux-x86_64, r-release-linux-x86_64, r-release-macos-arm64, r-release-macos-x86_64, r-release-windows-x86_64, r-oldrel-macos-arm64, r-oldrel-macos-x86_64, r-oldrel-windows-x86_64