Last updated on 2024-08-07 00:49:12 CEST.
Flavor | Version | Tinstall | Tcheck | Ttotal | Status | Flags |
---|---|---|---|---|---|---|
r-devel-linux-x86_64-debian-clang | 4.3.0 | 24.88 | 170.01 | 194.89 | OK | |
r-devel-linux-x86_64-debian-gcc | 4.3.0 | 15.22 | 116.37 | 131.59 | OK | |
r-devel-linux-x86_64-fedora-clang | 4.3.0 | 332.63 | NOTE | |||
r-devel-linux-x86_64-fedora-gcc | 4.3.0 | 295.13 | OK | |||
r-devel-windows-x86_64 | 4.3.0 | 26.00 | 177.00 | 203.00 | OK | |
r-patched-linux-x86_64 | 4.3.0 | 22.66 | 162.30 | 184.96 | OK | |
r-release-linux-x86_64 | 4.3.0 | 22.92 | 162.05 | 184.97 | OK | |
r-release-macos-arm64 | 4.3.0 | 84.00 | OK | |||
r-release-macos-x86_64 | 4.3.0 | 264.00 | OK | |||
r-release-windows-x86_64 | 4.3.0 | 26.00 | 177.00 | 203.00 | OK | |
r-oldrel-macos-arm64 | 4.3.0 | 88.00 | OK | |||
r-oldrel-macos-x86_64 | 4.3.0 | 160.00 | OK | |||
r-oldrel-windows-x86_64 | 4.3.0 | 31.00 | 219.00 | 250.00 | OK |
Version: 4.3.0
Check: package dependencies
Result: NOTE
Imports includes 23 non-default packages.
Importing from so many packages makes the package vulnerable to any of
them becoming unavailable. Move as many as possible to Suggests and
use conditionally.
Flavor: r-devel-linux-x86_64-fedora-clang