Last updated on 2024-08-07 00:49:12 CEST.
Flavor | Version | Tinstall | Tcheck | Ttotal | Status | Flags |
---|---|---|---|---|---|---|
r-devel-linux-x86_64-debian-clang | 0.5.4 | 23.00 | 119.37 | 142.37 | NOTE | |
r-devel-linux-x86_64-debian-gcc | 0.5.4 | 17.03 | 85.35 | 102.38 | NOTE | |
r-devel-linux-x86_64-fedora-clang | 0.5.4 | 231.61 | NOTE | |||
r-devel-linux-x86_64-fedora-gcc | 0.5.4 | 216.52 | NOTE | |||
r-devel-windows-x86_64 | 0.5.4 | 23.00 | 129.00 | 152.00 | OK | |
r-patched-linux-x86_64 | 0.5.4 | 22.65 | 114.95 | 137.60 | NOTE | |
r-release-linux-x86_64 | 0.5.4 | 21.87 | 115.88 | 137.75 | NOTE | |
r-release-macos-arm64 | 0.5.4 | 64.00 | NOTE | |||
r-release-macos-x86_64 | 0.5.4 | 127.00 | NOTE | |||
r-release-windows-x86_64 | 0.5.4 | 26.00 | 129.00 | 155.00 | OK | |
r-oldrel-macos-arm64 | 0.5.4 | 71.00 | NOTE | |||
r-oldrel-macos-x86_64 | 0.5.4 | 158.00 | NOTE | |||
r-oldrel-windows-x86_64 | 0.5.4 | 30.00 | 156.00 | 186.00 | NOTE |
Version: 0.5.4
Check: package dependencies
Result: NOTE
Package suggested but not available for checking: ‘INLA’
Flavors: r-devel-linux-x86_64-debian-clang, r-devel-linux-x86_64-debian-gcc, r-patched-linux-x86_64, r-release-linux-x86_64, r-release-macos-arm64, r-release-macos-x86_64, r-oldrel-macos-arm64, r-oldrel-macos-x86_64, r-oldrel-windows-x86_64
Version: 0.5.4
Check: data for non-ASCII characters
Result: NOTE
Note: found 940 marked Latin-1 strings
Flavors: r-devel-linux-x86_64-fedora-clang, r-devel-linux-x86_64-fedora-gcc
Version: 0.5.4
Check: installed package size
Result: NOTE
installed size is 5.6Mb
sub-directories of 1Mb or more:
data 5.2Mb
Flavors: r-release-macos-arm64, r-release-macos-x86_64, r-oldrel-macos-arm64, r-oldrel-macos-x86_64