Last updated on 2024-08-07 00:49:12 CEST.
Flavor | Version | Tinstall | Tcheck | Ttotal | Status | Flags |
---|---|---|---|---|---|---|
r-devel-linux-x86_64-debian-clang | 0.0.1 | 23.55 | 28.65 | 52.20 | OK | |
r-devel-linux-x86_64-debian-gcc | 0.0.1 | 15.67 | 21.77 | 37.44 | OK | |
r-devel-linux-x86_64-fedora-clang | 0.0.1 | 90.22 | NOTE | |||
r-devel-linux-x86_64-fedora-gcc | 0.0.1 | 95.73 | NOTE | |||
r-devel-windows-x86_64 | 0.0.1 | 26.00 | 66.00 | 92.00 | OK | |
r-patched-linux-x86_64 | 0.0.1 | 22.44 | 27.42 | 49.86 | OK | |
r-release-linux-x86_64 | 0.0.1 | 23.21 | 27.57 | 50.78 | OK | |
r-release-macos-arm64 | 0.0.1 | 31.00 | OK | |||
r-release-macos-x86_64 | 0.0.1 | 36.00 | OK | |||
r-release-windows-x86_64 | 0.0.1 | 28.00 | 66.00 | 94.00 | OK | |
r-oldrel-macos-arm64 | 0.0.1 | 35.00 | OK | |||
r-oldrel-macos-x86_64 | 0.0.1 | 50.00 | OK | |||
r-oldrel-windows-x86_64 | 0.0.1 | 32.00 | 75.00 | 107.00 | OK |
Version: 0.0.1
Check: dependencies in R code
Result: NOTE
Namespace in Imports field not imported from: ‘survival’
All declared Imports should be used.
Flavors: r-devel-linux-x86_64-fedora-clang, r-devel-linux-x86_64-fedora-gcc