Last updated on 2024-08-07 00:49:12 CEST.
Flavor | Version | Tinstall | Tcheck | Ttotal | Status | Flags |
---|---|---|---|---|---|---|
r-devel-linux-x86_64-debian-clang | 1.2.1 | 89.07 | 343.30 | 432.37 | OK | |
r-devel-linux-x86_64-debian-gcc | 1.2.1 | 63.22 | 271.00 | 334.22 | OK | |
r-devel-linux-x86_64-fedora-clang | 1.2.1 | 709.70 | OK | |||
r-devel-linux-x86_64-fedora-gcc | 1.2.1 | 719.06 | OK | |||
r-devel-windows-x86_64 | 1.2.1 | 96.00 | 321.00 | 417.00 | OK | |
r-patched-linux-x86_64 | 1.2.1 | 87.69 | 343.68 | 431.37 | OK | |
r-release-linux-x86_64 | 1.2.1 | 86.33 | 335.75 | 422.08 | OK | |
r-release-macos-arm64 | 1.2.1 | 200.00 | NOTE | |||
r-release-macos-x86_64 | 1.2.1 | 469.00 | NOTE | |||
r-release-windows-x86_64 | 1.2.1 | 95.00 | 328.00 | 423.00 | OK | |
r-oldrel-macos-arm64 | 1.2.1 | 237.00 | NOTE | |||
r-oldrel-macos-x86_64 | 1.2.1 | 419.00 | NOTE | |||
r-oldrel-windows-x86_64 | 1.2.1 | 117.00 | 423.00 | 540.00 | OK |
Version: 1.2.1
Check: installed package size
Result: NOTE
installed size is 8.4Mb
sub-directories of 1Mb or more:
data 1.4Mb
libs 6.0Mb
Flavors: r-release-macos-arm64, r-release-macos-x86_64, r-oldrel-macos-arm64, r-oldrel-macos-x86_64