Last updated on 2024-08-07 00:49:12 CEST.
Flavor | Version | Tinstall | Tcheck | Ttotal | Status | Flags |
---|---|---|---|---|---|---|
r-devel-linux-x86_64-debian-clang | 1.6.0 | 92.71 | 93.19 | 185.90 | NOTE | |
r-devel-linux-x86_64-debian-gcc | 1.6.0 | 59.47 | 72.04 | 131.51 | NOTE | |
r-devel-linux-x86_64-fedora-clang | 1.6.0 | 321.57 | OK | |||
r-devel-linux-x86_64-fedora-gcc | 1.6.0 | 358.93 | OK | |||
r-devel-windows-x86_64 | 1.6.0 | 101.00 | 158.00 | 259.00 | NOTE | |
r-patched-linux-x86_64 | 1.6.0 | 85.09 | 91.82 | 176.91 | OK | |
r-release-linux-x86_64 | 1.6.0 | 80.48 | 90.71 | 171.19 | OK | |
r-release-macos-arm64 | 1.6.0 | 111.00 | NOTE | |||
r-release-macos-x86_64 | 1.6.0 | 119.00 | NOTE | |||
r-release-windows-x86_64 | 1.6.0 | 102.00 | 162.00 | 264.00 | OK | |
r-oldrel-macos-arm64 | 1.6.0 | 99.00 | NOTE | |||
r-oldrel-macos-x86_64 | 1.6.0 | 192.00 | NOTE | |||
r-oldrel-windows-x86_64 | 1.6.0 | 120.00 | 184.00 | 304.00 | OK |
Version: 1.6.0
Check: Rd cross-references
Result: NOTE
Found the following Rd file(s) with Rd \link{} targets missing package
anchors:
setupX.Rd: cv.ncvreg
Please provide package anchors for all Rd \link{} targets not in the
package itself and the base packages.
Flavors: r-devel-linux-x86_64-debian-clang, r-devel-linux-x86_64-debian-gcc, r-devel-windows-x86_64
Version: 1.6.0
Check: installed package size
Result: NOTE
installed size is 5.3Mb
sub-directories of 1Mb or more:
libs 4.3Mb
Flavors: r-release-macos-arm64, r-release-macos-x86_64, r-oldrel-macos-arm64, r-oldrel-macos-x86_64