Last updated on 2024-08-07 00:49:12 CEST.
Flavor | Version | Tinstall | Tcheck | Ttotal | Status | Flags |
---|---|---|---|---|---|---|
r-devel-linux-x86_64-debian-clang | 1.3 | 9.93 | 71.35 | 81.28 | OK | |
r-devel-linux-x86_64-debian-gcc | 1.3 | 6.49 | 52.05 | 58.54 | OK | |
r-devel-linux-x86_64-fedora-clang | 1.3 | 130.43 | NOTE | |||
r-devel-linux-x86_64-fedora-gcc | 1.3 | 121.79 | OK | |||
r-devel-windows-x86_64 | 1.3 | 11.00 | 84.00 | 95.00 | OK | |
r-patched-linux-x86_64 | 1.3 | 10.22 | 67.90 | 78.12 | OK | |
r-release-linux-x86_64 | 1.3 | 9.28 | 68.12 | 77.40 | OK | |
r-release-macos-arm64 | 1.3 | 37.00 | OK | |||
r-release-macos-x86_64 | 1.3 | 62.00 | OK | |||
r-release-windows-x86_64 | 1.3 | 10.00 | 85.00 | 95.00 | OK | |
r-oldrel-macos-arm64 | 1.3 | 47.00 | OK | |||
r-oldrel-macos-x86_64 | 1.3 | 66.00 | OK | |||
r-oldrel-windows-x86_64 | 1.3 | 14.00 | 103.00 | 117.00 | OK |
Version: 1.3
Check: Rd cross-references
Result: NOTE
Undeclared package ‘genalg’ in Rd xrefs
Flavor: r-devel-linux-x86_64-fedora-clang