Last updated on 2024-08-07 00:49:12 CEST.
Flavor | Version | Tinstall | Tcheck | Ttotal | Status | Flags |
---|---|---|---|---|---|---|
r-devel-linux-x86_64-debian-clang | 1.1.2 | 186.91 | 143.05 | 329.96 | NOTE | |
r-devel-linux-x86_64-debian-gcc | 1.1.2 | 139.96 | 114.05 | 254.01 | NOTE | |
r-devel-linux-x86_64-fedora-clang | 1.1.2 | 524.52 | NOTE | |||
r-devel-linux-x86_64-fedora-gcc | 1.1.2 | 653.13 | NOTE | |||
r-devel-windows-x86_64 | 1.1.2 | 174.00 | 186.00 | 360.00 | NOTE | |
r-patched-linux-x86_64 | 1.1.2 | 182.42 | 151.29 | 333.71 | NOTE | |
r-release-linux-x86_64 | 1.1.2 | 193.36 | 152.68 | 346.04 | NOTE | |
r-release-macos-arm64 | 1.1.2 | 143.00 | NOTE | |||
r-release-macos-x86_64 | 1.1.2 | 258.00 | NOTE | |||
r-release-windows-x86_64 | 1.1.2 | 166.00 | 189.00 | 355.00 | NOTE | |
r-oldrel-macos-arm64 | 1.1.2 | 249.00 | NOTE | |||
r-oldrel-macos-x86_64 | 1.1.2 | 546.00 | NOTE | |||
r-oldrel-windows-x86_64 | 1.1.2 | 219.00 | 221.00 | 440.00 | NOTE |
Version: 1.1.2
Check: Rd cross-references
Result: NOTE
Found the following Rd file(s) with Rd \link{} targets missing package
anchors:
waic.cumhist.Rd: loo-package
Please provide package anchors for all Rd \link{} targets not in the
package itself and the base packages.
Flavors: r-devel-linux-x86_64-debian-clang, r-devel-linux-x86_64-debian-gcc, r-devel-windows-x86_64
Version: 1.1.2
Check: for GNU extensions in Makefiles
Result: NOTE
GNU make is a SystemRequirements.
Flavors: r-devel-linux-x86_64-debian-clang, r-devel-linux-x86_64-debian-gcc, r-devel-linux-x86_64-fedora-clang, r-devel-linux-x86_64-fedora-gcc, r-devel-windows-x86_64, r-patched-linux-x86_64, r-release-linux-x86_64, r-release-macos-arm64, r-release-macos-x86_64, r-release-windows-x86_64, r-oldrel-macos-arm64, r-oldrel-macos-x86_64, r-oldrel-windows-x86_64
Version: 1.1.2
Check: installed package size
Result: NOTE
installed size is 54.7Mb
sub-directories of 1Mb or more:
libs 53.8Mb
Flavors: r-release-macos-arm64, r-release-macos-x86_64, r-oldrel-macos-arm64, r-oldrel-macos-x86_64