Last updated on 2024-08-07 00:49:12 CEST.
Flavor | Version | Tinstall | Tcheck | Ttotal | Status | Flags |
---|---|---|---|---|---|---|
r-devel-linux-x86_64-debian-clang | 1.0.4 | 38.75 | 81.34 | 120.09 | NOTE | |
r-devel-linux-x86_64-debian-gcc | 1.0.4 | 25.91 | 53.58 | 79.49 | NOTE | |
r-devel-linux-x86_64-fedora-clang | 1.0.4 | 208.93 | NOTE | |||
r-devel-linux-x86_64-fedora-gcc | 1.0.4 | 227.56 | NOTE | |||
r-devel-windows-x86_64 | 1.0.4 | 44.00 | 143.00 | 187.00 | NOTE | |
r-patched-linux-x86_64 | 1.0.4 | 34.20 | 77.44 | 111.64 | NOTE | |
r-release-linux-x86_64 | 1.0.4 | 37.79 | 77.34 | 115.13 | NOTE | |
r-release-macos-arm64 | 1.0.4 | 80.00 | NOTE | |||
r-release-macos-x86_64 | 1.0.4 | 95.00 | NOTE | |||
r-release-windows-x86_64 | 1.0.4 | 44.00 | 145.00 | 189.00 | NOTE | |
r-oldrel-macos-arm64 | 1.0.4 | 72.00 | NOTE | |||
r-oldrel-macos-x86_64 | 1.0.4 | 174.00 | NOTE | |||
r-oldrel-windows-x86_64 | 1.0.4 | 52.00 | 168.00 | 220.00 | NOTE |
Version: 1.0.4
Check: for GNU extensions in Makefiles
Result: NOTE
GNU make is a SystemRequirements.
Flavors: r-devel-linux-x86_64-debian-clang, r-devel-linux-x86_64-debian-gcc, r-devel-linux-x86_64-fedora-clang, r-devel-linux-x86_64-fedora-gcc, r-devel-windows-x86_64, r-patched-linux-x86_64, r-release-linux-x86_64, r-release-macos-arm64, r-release-macos-x86_64, r-release-windows-x86_64, r-oldrel-macos-arm64, r-oldrel-macos-x86_64, r-oldrel-windows-x86_64
Version: 1.0.4
Check: installed package size
Result: NOTE
installed size is 5.1Mb
sub-directories of 1Mb or more:
libs 4.7Mb
Flavors: r-release-macos-arm64, r-release-macos-x86_64, r-oldrel-macos-arm64, r-oldrel-macos-x86_64