Last updated on 2024-08-07 00:49:12 CEST.
Flavor | Version | Tinstall | Tcheck | Ttotal | Status | Flags |
---|---|---|---|---|---|---|
r-devel-linux-x86_64-debian-clang | 0.1.0 | 9.26 | 61.65 | 70.91 | OK | |
r-devel-linux-x86_64-debian-gcc | 0.1.0 | 6.91 | 45.15 | 52.06 | OK | |
r-devel-linux-x86_64-fedora-clang | 0.1.0 | 111.89 | NOTE | |||
r-devel-linux-x86_64-fedora-gcc | 0.1.0 | 119.01 | NOTE | |||
r-devel-windows-x86_64 | 0.1.0 | 10.00 | 86.00 | 96.00 | OK | |
r-patched-linux-x86_64 | 0.1.0 | 8.65 | 58.34 | 66.99 | OK | |
r-release-linux-x86_64 | 0.1.0 | 7.26 | 59.95 | 67.21 | OK | |
r-release-macos-arm64 | 0.1.0 | 56.00 | OK | |||
r-release-macos-x86_64 | 0.1.0 | 80.00 | OK | |||
r-release-windows-x86_64 | 0.1.0 | 11.00 | 86.00 | 97.00 | OK | |
r-oldrel-macos-arm64 | 0.1.0 | 56.00 | OK | |||
r-oldrel-macos-x86_64 | 0.1.0 | 78.00 | OK | |||
r-oldrel-windows-x86_64 | 0.1.0 | 13.00 | 95.00 | 108.00 | OK |
Version: 0.1.0
Check: dependencies in R code
Result: NOTE
Namespaces in Imports field not imported from:
‘CCA’ ‘brainR’ ‘elasticnet’
All declared Imports should be used.
Flavors: r-devel-linux-x86_64-fedora-clang, r-devel-linux-x86_64-fedora-gcc