Last updated on 2024-08-07 00:49:12 CEST.
Flavor | Version | Tinstall | Tcheck | Ttotal | Status | Flags |
---|---|---|---|---|---|---|
r-devel-linux-x86_64-debian-clang | 3.1 | 185.45 | 172.26 | 357.71 | OK | |
r-devel-linux-x86_64-debian-gcc | 3.1 | 125.72 | 145.81 | 271.53 | OK | |
r-devel-linux-x86_64-fedora-clang | 3.1 | 629.64 | OK | |||
r-devel-linux-x86_64-fedora-gcc | 3.1 | 686.11 | OK | |||
r-devel-windows-x86_64 | 3.1 | 193.00 | 292.00 | 485.00 | OK | |
r-patched-linux-x86_64 | 3.1 | 174.58 | 169.58 | 344.16 | OK | |
r-release-linux-x86_64 | 3.1 | 185.18 | 169.98 | 355.16 | OK | |
r-release-macos-arm64 | 3.1 | 281.00 | NOTE | |||
r-release-macos-x86_64 | 3.1 | 468.00 | NOTE | |||
r-release-windows-x86_64 | 3.1 | 192.00 | 292.00 | 484.00 | OK | |
r-oldrel-macos-arm64 | 3.1 | 270.00 | NOTE | |||
r-oldrel-macos-x86_64 | 3.1 | 352.00 | NOTE | |||
r-oldrel-windows-x86_64 | 3.1 | 232.00 | 288.00 | 520.00 | OK |
Version: 3.1
Check: installed package size
Result: NOTE
installed size is 14.7Mb
sub-directories of 1Mb or more:
libs 13.1Mb
Flavors: r-release-macos-arm64, r-release-macos-x86_64, r-oldrel-macos-arm64, r-oldrel-macos-x86_64