Last updated on 2024-08-07 00:49:13 CEST.
Flavor | Version | Tinstall | Tcheck | Ttotal | Status | Flags |
---|---|---|---|---|---|---|
r-devel-linux-x86_64-debian-clang | 1.10.12 | 18.16 | 150.33 | 168.49 | OK | |
r-devel-linux-x86_64-debian-gcc | 1.10.12 | 12.36 | 102.56 | 114.92 | OK | |
r-devel-linux-x86_64-fedora-clang | 1.10.12 | 270.78 | NOTE | |||
r-devel-linux-x86_64-fedora-gcc | 1.10.12 | 253.27 | NOTE | |||
r-devel-windows-x86_64 | 1.10.12 | 19.00 | 156.00 | 175.00 | OK | |
r-patched-linux-x86_64 | 1.10.12 | 18.41 | 142.68 | 161.09 | OK | |
r-release-linux-x86_64 | 1.10.12 | 15.50 | 142.91 | 158.41 | OK | |
r-release-macos-arm64 | 1.10.12 | 71.00 | OK | |||
r-release-macos-x86_64 | 1.10.12 | 119.00 | OK | |||
r-release-windows-x86_64 | 1.10.12 | 19.00 | 152.00 | 171.00 | OK | |
r-oldrel-macos-arm64 | 1.10.12 | 76.00 | OK | |||
r-oldrel-macos-x86_64 | 1.10.12 | 185.00 | OK | |||
r-oldrel-windows-x86_64 | 1.10.12 | 22.00 | 192.00 | 214.00 | OK |
Version: 1.10.12
Check: data for non-ASCII characters
Result: NOTE
Note: found 89 marked UTF-8 strings
Flavors: r-devel-linux-x86_64-fedora-clang, r-devel-linux-x86_64-fedora-gcc