Last updated on 2024-08-08 08:49:12 CEST.
Flavor | Version | Tinstall | Tcheck | Ttotal | Status | Flags |
---|---|---|---|---|---|---|
r-devel-linux-x86_64-debian-clang | 1.1.1 | 3.42 | 26.14 | 29.56 | NOTE | |
r-devel-linux-x86_64-debian-gcc | 1.1.1 | 2.16 | 20.23 | 22.39 | NOTE | |
r-devel-linux-x86_64-fedora-clang | 1.1.1 | 48.73 | NOTE | |||
r-devel-linux-x86_64-fedora-gcc | 1.1.1 | 47.52 | NOTE | |||
r-devel-windows-x86_64 | 1.1.1 | 4.00 | 52.00 | 56.00 | OK | |
r-patched-linux-x86_64 | 1.1.1 | 3.05 | 25.57 | 28.62 | NOTE | |
r-release-linux-x86_64 | 1.1.1 | 2.76 | 25.58 | 28.34 | NOTE | |
r-release-macos-arm64 | 1.1.1 | 18.00 | NOTE | |||
r-release-macos-x86_64 | 1.1.1 | 27.00 | NOTE | |||
r-release-windows-x86_64 | 1.1.1 | 5.00 | 52.00 | 57.00 | OK | |
r-oldrel-macos-arm64 | 1.1.1 | 18.00 | OK | |||
r-oldrel-macos-x86_64 | 1.1.1 | 26.00 | OK | |||
r-oldrel-windows-x86_64 | 1.1.1 | 4.00 | 55.00 | 59.00 | OK |
Version: 1.1.1
Check: package dependencies
Result: NOTE
Package suggested but not available for checking: ‘bvpSolve’
Flavors: r-devel-linux-x86_64-debian-clang, r-devel-linux-x86_64-debian-gcc, r-devel-linux-x86_64-fedora-clang, r-devel-linux-x86_64-fedora-gcc, r-patched-linux-x86_64, r-release-linux-x86_64, r-release-macos-arm64, r-release-macos-x86_64