Last updated on 2024-08-07 00:49:13 CEST.
Flavor | Version | Tinstall | Tcheck | Ttotal | Status | Flags |
---|---|---|---|---|---|---|
r-devel-linux-x86_64-debian-clang | 0.13.0 | 5.54 | 54.63 | 60.17 | OK | |
r-devel-linux-x86_64-debian-gcc | 0.13.0 | 3.57 | 37.72 | 41.29 | OK | |
r-devel-linux-x86_64-fedora-clang | 0.13.0 | 94.00 | OK | |||
r-devel-linux-x86_64-fedora-gcc | 0.13.0 | 90.46 | OK | |||
r-devel-windows-x86_64 | 0.13.0 | 7.00 | 73.00 | 80.00 | OK | |
r-patched-linux-x86_64 | 0.13.0 | 5.49 | 52.92 | 58.41 | OK | |
r-release-linux-x86_64 | 0.13.0 | 5.02 | 53.22 | 58.24 | OK | |
r-release-macos-arm64 | 0.13.0 | 29.00 | OK | |||
r-release-macos-x86_64 | 0.13.0 | 53.00 | OK | |||
r-release-windows-x86_64 | 0.13.0 | 7.00 | 74.00 | 81.00 | OK | |
r-oldrel-macos-arm64 | 0.13.0 | 5.00 | ERROR | |||
r-oldrel-macos-x86_64 | 0.13.0 | 59.00 | OK | |||
r-oldrel-windows-x86_64 | 0.13.0 | 9.00 | 86.00 | 95.00 | OK |
Version: 0.13.0
Check: package dependencies
Result: ERROR
Package required but not available: ‘aroma.core’
See section ‘The DESCRIPTION file’ in the ‘Writing R Extensions’
manual.
Flavor: r-oldrel-macos-arm64