Last updated on 2024-08-07 00:49:13 CEST.
Flavor | Version | Tinstall | Tcheck | Ttotal | Status | Flags |
---|---|---|---|---|---|---|
r-devel-linux-x86_64-debian-clang | 0.5.7 | 5.59 | 68.73 | 74.32 | OK | |
r-devel-linux-x86_64-debian-gcc | 0.5.7 | 4.37 | 51.55 | 55.92 | OK | |
r-devel-linux-x86_64-fedora-clang | 0.5.7 | 120.94 | NOTE | |||
r-devel-linux-x86_64-fedora-gcc | 0.5.7 | 129.60 | NOTE | |||
r-devel-windows-x86_64 | 0.5.7 | 8.00 | 106.00 | 114.00 | OK | |
r-patched-linux-x86_64 | 0.5.7 | 5.92 | 65.98 | 71.90 | OK | |
r-release-linux-x86_64 | 0.5.7 | 5.32 | 65.67 | 70.99 | OK | |
r-release-macos-arm64 | 0.5.7 | 62.00 | OK | |||
r-release-macos-x86_64 | 0.5.7 | 80.00 | OK | |||
r-release-windows-x86_64 | 0.5.7 | 8.00 | 106.00 | 114.00 | OK | |
r-oldrel-macos-arm64 | 0.5.7 | 61.00 | OK | |||
r-oldrel-macos-x86_64 | 0.5.7 | 137.00 | OK | |||
r-oldrel-windows-x86_64 | 0.5.7 | 10.00 | 114.00 | 124.00 | OK |
Version: 0.5.7
Check: data for non-ASCII characters
Result: NOTE
Note: found 23 marked UTF-8 strings
Flavors: r-devel-linux-x86_64-fedora-clang, r-devel-linux-x86_64-fedora-gcc