Last updated on 2024-08-07 00:49:13 CEST.
Flavor | Version | Tinstall | Tcheck | Ttotal | Status | Flags |
---|---|---|---|---|---|---|
r-devel-linux-x86_64-debian-clang | 0.14.0 | 13.33 | 113.71 | 127.04 | NOTE | |
r-devel-linux-x86_64-debian-gcc | 0.14.0 | 9.80 | 84.16 | 93.96 | NOTE | |
r-devel-linux-x86_64-fedora-clang | 0.14.0 | 197.45 | NOTE | |||
r-devel-linux-x86_64-fedora-gcc | 0.14.0 | 183.67 | NOTE | |||
r-devel-windows-x86_64 | 0.14.0 | 16.00 | 120.00 | 136.00 | NOTE | |
r-patched-linux-x86_64 | 0.14.0 | 19.48 | 106.62 | 126.10 | OK | |
r-release-linux-x86_64 | 0.14.0 | 13.58 | 108.89 | 122.47 | OK | |
r-release-macos-arm64 | 0.14.0 | 58.00 | OK | |||
r-release-macos-x86_64 | 0.14.0 | 84.00 | OK | |||
r-release-windows-x86_64 | 0.14.0 | 17.00 | 120.00 | 137.00 | OK | |
r-oldrel-macos-arm64 | 0.14.0 | 54.00 | OK | |||
r-oldrel-macos-x86_64 | 0.14.0 | 100.00 | OK | |||
r-oldrel-windows-x86_64 | 0.14.0 | 19.00 | 141.00 | 160.00 | OK |
Version: 0.14.0
Check: Rd cross-references
Result: NOTE
Found the following Rd file(s) with Rd \link{} targets missing package
anchors:
CalculateGlobalSens.Rd: sensRange
CalculateLocalSens.Rd: sensFun, sensRange
DesignSurvey.Rd: svydesign
PlotLocalSens.Rd: element_text
SetRanges.Rd: sensRange
Please provide package anchors for all Rd \link{} targets not in the
package itself and the base packages.
Flavors: r-devel-linux-x86_64-debian-clang, r-devel-linux-x86_64-debian-gcc, r-devel-windows-x86_64
Version: 0.14.0
Check: data for non-ASCII characters
Result: NOTE
Note: found 59 marked UTF-8 strings
Flavors: r-devel-linux-x86_64-fedora-clang, r-devel-linux-x86_64-fedora-gcc