Last updated on 2024-08-07 00:49:13 CEST.
Flavor | Version | Tinstall | Tcheck | Ttotal | Status | Flags |
---|---|---|---|---|---|---|
r-devel-linux-x86_64-debian-clang | 2.0.0 | 1.55 | 25.13 | 26.68 | OK | |
r-devel-linux-x86_64-debian-gcc | 2.0.0 | 1.46 | 19.35 | 20.81 | OK | |
r-devel-linux-x86_64-fedora-clang | 2.0.0 | 43.50 | NOTE | |||
r-devel-linux-x86_64-fedora-gcc | 2.0.0 | 56.94 | NOTE | |||
r-devel-windows-x86_64 | 2.0.0 | 4.00 | 80.00 | 84.00 | OK | |
r-patched-linux-x86_64 | 2.0.0 | 1.88 | 23.70 | 25.58 | OK | |
r-release-linux-x86_64 | 2.0.0 | 1.86 | 24.17 | 26.03 | OK | |
r-release-macos-arm64 | 2.0.0 | 102.00 | OK | |||
r-release-macos-x86_64 | 2.0.0 | 108.00 | OK | |||
r-release-windows-x86_64 | 2.0.0 | 6.00 | 99.00 | 105.00 | OK | |
r-oldrel-macos-arm64 | 2.0.0 | 75.00 | OK | |||
r-oldrel-macos-x86_64 | 2.0.0 | 88.00 | OK | |||
r-oldrel-windows-x86_64 | 2.0.0 | 4.00 | 100.00 | 104.00 | OK |
Version: 2.0.0
Check: dependencies in R code
Result: NOTE
Namespace in Imports field not imported from: ‘R.utils’
All declared Imports should be used.
Flavors: r-devel-linux-x86_64-fedora-clang, r-devel-linux-x86_64-fedora-gcc