Last updated on 2024-08-13 17:48:10 CEST.
Flavor | Version | Tinstall | Tcheck | Ttotal | Status | Flags |
---|---|---|---|---|---|---|
r-devel-linux-x86_64-debian-clang | 0.3.9 | 102.04 | 18.13 | 120.17 | OK | |
r-devel-linux-x86_64-debian-gcc | 0.3.9 | 78.24 | 14.83 | 93.07 | OK | |
r-devel-linux-x86_64-fedora-clang | 0.3.9 | 221.83 | OK | |||
r-devel-linux-x86_64-fedora-gcc | 0.3.9 | 219.67 | OK | |||
r-devel-windows-x86_64 | 0.3.9 | 84.00 | 51.00 | 135.00 | OK | |
r-patched-linux-x86_64 | 0.3.9 | 101.91 | 17.25 | 119.16 | OK | |
r-release-linux-x86_64 | 0.3.9 | 100.77 | 17.34 | 118.11 | OK | |
r-release-macos-arm64 | 0.3.9 | 44.00 | NOTE | |||
r-release-macos-x86_64 | 0.3.9 | 78.00 | NOTE | |||
r-release-windows-x86_64 | 0.3.9 | 86.00 | 62.00 | 148.00 | OK | |
r-oldrel-macos-arm64 | 0.3.9 | 53.00 | NOTE | |||
r-oldrel-macos-x86_64 | 0.3.9 | 106.00 | NOTE | |||
r-oldrel-windows-x86_64 | 0.3.9 | 83.00 | 74.00 | 157.00 | OK |
Version: 0.3.9
Check: installed package size
Result: NOTE
installed size is 7.4Mb
sub-directories of 1Mb or more:
libs 7.3Mb
Flavors: r-release-macos-arm64, r-release-macos-x86_64, r-oldrel-macos-arm64, r-oldrel-macos-x86_64