Last updated on 2024-08-07 00:49:13 CEST.
Flavor | Version | Tinstall | Tcheck | Ttotal | Status | Flags |
---|---|---|---|---|---|---|
r-devel-linux-x86_64-debian-clang | 0.2.0.3 | 1569.75 | 169.41 | 1739.16 | NOTE | |
r-devel-linux-x86_64-debian-gcc | 0.2.0.3 | 1234.72 | 221.38 | 1456.10 | NOTE | |
r-devel-linux-x86_64-fedora-clang | 0.2.0.3 | 2679.87 | NOTE | |||
r-devel-linux-x86_64-fedora-gcc | 0.2.0.3 | 4144.32 | NOTE | |||
r-devel-windows-x86_64 | 0.2.0.3 | 1525.00 | 292.00 | 1817.00 | NOTE | |
r-patched-linux-x86_64 | 0.2.0.3 | 1632.78 | 297.54 | 1930.32 | NOTE | |
r-release-linux-x86_64 | 0.2.0.3 | 1720.39 | 299.76 | 2020.15 | NOTE | |
r-release-macos-arm64 | 0.2.0.3 | 638.00 | NOTE | |||
r-release-macos-x86_64 | 0.2.0.3 | 469.00 | NOTE | |||
r-release-windows-x86_64 | 0.2.0.3 | 1531.00 | 285.00 | 1816.00 | NOTE | |
r-oldrel-macos-arm64 | 0.2.0.3 | 676.00 | NOTE | |||
r-oldrel-macos-x86_64 | 0.2.0.3 | 1113.00 | NOTE | |||
r-oldrel-windows-x86_64 | 0.2.0.3 | 1960.00 | 369.00 | 2329.00 | NOTE |
Version: 0.2.0.3
Check: for GNU extensions in Makefiles
Result: NOTE
GNU make is a SystemRequirements.
Flavors: r-devel-linux-x86_64-debian-clang, r-devel-linux-x86_64-debian-gcc, r-devel-linux-x86_64-fedora-clang, r-devel-linux-x86_64-fedora-gcc, r-devel-windows-x86_64, r-patched-linux-x86_64, r-release-linux-x86_64, r-release-macos-arm64, r-release-macos-x86_64, r-release-windows-x86_64, r-oldrel-macos-arm64, r-oldrel-macos-x86_64, r-oldrel-windows-x86_64
Version: 0.2.0.3
Check: installed package size
Result: NOTE
installed size is 16.3Mb
sub-directories of 1Mb or more:
libs 15.8Mb
Flavors: r-devel-linux-x86_64-fedora-clang, r-devel-windows-x86_64, r-release-macos-arm64, r-release-macos-x86_64, r-release-windows-x86_64, r-oldrel-macos-arm64, r-oldrel-macos-x86_64, r-oldrel-windows-x86_64