Last updated on 2024-08-07 00:49:13 CEST.
Flavor | Version | Tinstall | Tcheck | Ttotal | Status | Flags |
---|---|---|---|---|---|---|
r-devel-linux-x86_64-debian-clang | 1.0.1 | 6.50 | 70.01 | 76.51 | NOTE | |
r-devel-linux-x86_64-debian-gcc | 1.0.1 | 4.67 | 51.98 | 56.65 | NOTE | |
r-devel-linux-x86_64-fedora-clang | 1.0.1 | 121.88 | NOTE | |||
r-devel-linux-x86_64-fedora-gcc | 1.0.1 | 127.49 | NOTE | |||
r-devel-windows-x86_64 | 1.0.1 | 7.00 | 115.00 | 122.00 | NOTE | |
r-patched-linux-x86_64 | 1.0.1 | 5.32 | 66.95 | 72.27 | NOTE | |
r-release-linux-x86_64 | 1.0.1 | 5.66 | 67.28 | 72.94 | NOTE | |
r-release-macos-arm64 | 1.0.1 | 45.00 | NOTE | |||
r-release-macos-x86_64 | 1.0.1 | 64.00 | NOTE | |||
r-release-windows-x86_64 | 1.0.1 | 8.00 | 116.00 | 124.00 | NOTE | |
r-oldrel-macos-arm64 | 1.0.1 | 40.00 | NOTE | |||
r-oldrel-macos-x86_64 | 1.0.1 | 61.00 | NOTE | |||
r-oldrel-windows-x86_64 | 1.0.1 | 9.00 | 112.00 | 121.00 | NOTE |
Version: 1.0.1
Check: LazyData
Result: NOTE
'LazyData' is specified without a 'data' directory
Flavors: r-devel-linux-x86_64-debian-clang, r-devel-linux-x86_64-debian-gcc, r-devel-linux-x86_64-fedora-clang, r-devel-linux-x86_64-fedora-gcc, r-devel-windows-x86_64, r-patched-linux-x86_64, r-release-linux-x86_64, r-release-macos-arm64, r-release-macos-x86_64, r-release-windows-x86_64, r-oldrel-macos-arm64, r-oldrel-macos-x86_64, r-oldrel-windows-x86_64