Last updated on 2024-08-07 00:49:13 CEST.
Flavor | Version | Tinstall | Tcheck | Ttotal | Status | Flags |
---|---|---|---|---|---|---|
r-devel-linux-x86_64-debian-clang | 0.2.3 | 6.02 | 125.42 | 131.44 | OK | |
r-devel-linux-x86_64-debian-gcc | 0.2.3 | 4.07 | 92.36 | 96.43 | OK | |
r-devel-linux-x86_64-fedora-clang | 0.2.3 | 212.90 | OK | |||
r-devel-linux-x86_64-fedora-gcc | 0.2.3 | 219.54 | OK | |||
r-devel-windows-x86_64 | 0.2.3 | 10.00 | 128.00 | 138.00 | OK | |
r-patched-linux-x86_64 | 0.2.3 | 4.88 | 122.39 | 127.27 | OK | |
r-release-linux-x86_64 | 0.2.3 | 6.29 | 122.53 | 128.82 | OK | |
r-release-macos-arm64 | 0.2.3 | 5.00 | ERROR | |||
r-release-macos-x86_64 | 0.2.3 | 8.00 | ERROR | |||
r-release-windows-x86_64 | 0.2.3 | 11.00 | 132.00 | 143.00 | OK | |
r-oldrel-macos-arm64 | 0.2.3 | 6.00 | ERROR | |||
r-oldrel-macos-x86_64 | 0.2.3 | 11.00 | ERROR | |||
r-oldrel-windows-x86_64 | 0.2.3 | 11.00 | 160.00 | 171.00 | OK |
Version: 0.2.3
Check: package dependencies
Result: ERROR
Packages required but not available:
'ChIPseeker', 'TxDb.Hsapiens.UCSC.hg38.knownGene',
'TxDb.Hsapiens.UCSC.hg19.knownGene',
'TxDb.Mmusculus.UCSC.mm10.knownGene'
See section ‘The DESCRIPTION file’ in the ‘Writing R Extensions’
manual.
Flavors: r-release-macos-arm64, r-release-macos-x86_64
Version: 0.2.3
Check: package dependencies
Result: ERROR
Packages required but not available:
'ChIPseeker', 'TxDb.Hsapiens.UCSC.hg38.knownGene'
See section ‘The DESCRIPTION file’ in the ‘Writing R Extensions’
manual.
Flavor: r-oldrel-macos-arm64
Version: 0.2.3
Check: package dependencies
Result: ERROR
Packages required but not available:
'TxDb.Hsapiens.UCSC.hg38.knownGene',
'TxDb.Mmusculus.UCSC.mm10.knownGene'
See section ‘The DESCRIPTION file’ in the ‘Writing R Extensions’
manual.
Flavor: r-oldrel-macos-x86_64