Last updated on 2024-08-07 00:49:13 CEST.
Flavor | Version | Tinstall | Tcheck | Ttotal | Status | Flags |
---|---|---|---|---|---|---|
r-devel-linux-x86_64-debian-clang | 0.7.3 | 3.36 | 33.02 | 36.38 | OK | |
r-devel-linux-x86_64-debian-gcc | 0.7.3 | 2.34 | 25.33 | 27.67 | OK | |
r-devel-linux-x86_64-fedora-clang | 0.7.3 | 61.82 | OK | |||
r-devel-linux-x86_64-fedora-gcc | 0.7.3 | 68.83 | OK | |||
r-devel-windows-x86_64 | 0.7.3 | 4.00 | 56.00 | 60.00 | OK | |
r-patched-linux-x86_64 | 0.7.3 | 3.52 | 31.73 | 35.25 | OK | |
r-release-linux-x86_64 | 0.7.3 | 2.97 | 32.11 | 35.08 | OK | |
r-release-macos-arm64 | 0.7.3 | 51.00 | OK | |||
r-release-macos-x86_64 | 0.7.3 | 74.00 | OK | |||
r-release-windows-x86_64 | 0.7.3 | 7.00 | 73.00 | 80.00 | OK | |
r-oldrel-macos-arm64 | 0.7.3 | 36.00 | ERROR | |||
r-oldrel-macos-x86_64 | 0.7.3 | 57.00 | ERROR | |||
r-oldrel-windows-x86_64 | 0.7.3 | 6.00 | 63.00 | 69.00 | OK |
Version: 0.7.3
Check: running R code from vignettes
Result: ERROR
Errors in running code in vignettes:
when running code in ‘circle.Rmd’
...
> knitr::opts_chunk$set(collapse = TRUE, comment = "#>")
> knitr::include_graphics("../man/figures/user-key.png")
When sourcing ‘circle.R’:
Error: Cannot find the file(s): "../man/figures/user-key.png"
Execution halted
‘circle.Rmd’ using ‘UTF-8’... failed
‘tic.Rmd’ using ‘UTF-8’... [0s/0s] OK
Flavors: r-oldrel-macos-arm64, r-oldrel-macos-x86_64