Last updated on 2024-08-07 00:49:13 CEST.
Flavor | Version | Tinstall | Tcheck | Ttotal | Status | Flags |
---|---|---|---|---|---|---|
r-devel-linux-x86_64-debian-clang | 2.1.1 | 15.83 | 122.78 | 138.61 | OK | |
r-devel-linux-x86_64-debian-gcc | 2.1.1 | 10.46 | 87.31 | 97.77 | OK | |
r-devel-linux-x86_64-fedora-clang | 2.1.1 | 225.02 | NOTE | |||
r-devel-linux-x86_64-fedora-gcc | 2.1.1 | 211.53 | NOTE | |||
r-devel-windows-x86_64 | 2.1.1 | 16.00 | 129.00 | 145.00 | OK | |
r-patched-linux-x86_64 | 2.1.1 | 13.38 | 114.24 | 127.62 | OK | |
r-release-linux-x86_64 | 2.1.1 | 13.16 | 115.79 | 128.95 | OK | |
r-release-macos-arm64 | 2.1.1 | 63.00 | OK | |||
r-release-macos-x86_64 | 2.1.1 | 109.00 | OK | |||
r-release-windows-x86_64 | 2.1.1 | 17.00 | 132.00 | 149.00 | OK | |
r-oldrel-macos-arm64 | 2.1.1 | 70.00 | OK | |||
r-oldrel-macos-x86_64 | 2.1.1 | 151.00 | OK | |||
r-oldrel-windows-x86_64 | 2.1.1 | 22.00 | 156.00 | 178.00 | OK |
Version: 2.1.1
Check: data for non-ASCII characters
Result: NOTE
Note: found 29 marked UTF-8 strings
Flavors: r-devel-linux-x86_64-fedora-clang, r-devel-linux-x86_64-fedora-gcc