Last updated on 2024-08-07 00:49:13 CEST.
Flavor | Version | Tinstall | Tcheck | Ttotal | Status | Flags |
---|---|---|---|---|---|---|
r-devel-linux-x86_64-debian-clang | 1.0.2 | 5.14 | 112.71 | 117.85 | OK | |
r-devel-linux-x86_64-debian-gcc | 1.0.2 | 3.47 | 76.10 | 79.57 | OK | |
r-devel-linux-x86_64-fedora-clang | 1.0.2 | 197.29 | OK | |||
r-devel-linux-x86_64-fedora-gcc | 1.0.2 | 242.14 | OK | |||
r-devel-windows-x86_64 | 1.0.2 | 8.00 | 176.00 | 184.00 | OK | |
r-patched-linux-x86_64 | 1.0.2 | 5.77 | 109.16 | 114.93 | OK | |
r-release-linux-x86_64 | 1.0.2 | 4.75 | 110.77 | 115.52 | OK | |
r-release-macos-arm64 | 1.0.2 | 121.00 | OK | |||
r-release-macos-x86_64 | 1.0.2 | 305.00 | OK | |||
r-release-windows-x86_64 | 1.0.2 | 8.00 | 183.00 | 191.00 | OK | |
r-oldrel-macos-arm64 | 1.0.2 | 126.00 | ERROR | |||
r-oldrel-macos-x86_64 | 1.0.2 | 239.00 | ERROR | |||
r-oldrel-windows-x86_64 | 1.0.2 | 8.00 | 196.00 | 204.00 | OK |
Version: 1.0.2
Check: running R code from vignettes
Result: ERROR
Errors in running code in vignettes:
when running code in ‘design_principle.Rmd’
...
> knitr::opts_chunk$set(collapse = TRUE, comment = "#>")
> knitr::include_graphics(file.path("..", "man", "figures",
+ "cleanepi_design_diagram.drawio.png"))
When sourcing ‘design_principle.R’:
Error: Cannot find the file(s): "../man/figures/cleanepi_design_diagram.drawio.png"
Execution halted
‘cleanepi.Rmd’ using ‘UTF-8’... [3s/3s] OK
‘design_principle.Rmd’ using ‘UTF-8’... failed
Flavor: r-oldrel-macos-arm64
Version: 1.0.2
Check: running R code from vignettes
Result: ERROR
Errors in running code in vignettes:
when running code in ‘design_principle.Rmd’
...
> knitr::opts_chunk$set(collapse = TRUE, comment = "#>")
> knitr::include_graphics(file.path("..", "man", "figures",
+ "cleanepi_design_diagram.drawio.png"))
When sourcing ‘design_principle.R’:
Error: Cannot find the file(s): "../man/figures/cleanepi_design_diagram.drawio.png"
Execution halted
‘cleanepi.Rmd’ using ‘UTF-8’... [5s/6s] OK
‘design_principle.Rmd’ using ‘UTF-8’... failed
Flavor: r-oldrel-macos-x86_64