Last updated on 2024-08-07 00:49:13 CEST.
Flavor | Version | Tinstall | Tcheck | Ttotal | Status | Flags |
---|---|---|---|---|---|---|
r-devel-linux-x86_64-debian-clang | 0.9.39 | 3.91 | 30.79 | 34.70 | OK | |
r-devel-linux-x86_64-debian-gcc | 0.9.39 | 2.97 | 23.15 | 26.12 | OK | |
r-devel-linux-x86_64-fedora-clang | 0.9.39 | 57.19 | NOTE | |||
r-devel-linux-x86_64-fedora-gcc | 0.9.39 | 53.76 | NOTE | |||
r-devel-windows-x86_64 | 0.9.39 | 5.00 | 58.00 | 63.00 | OK | |
r-patched-linux-x86_64 | 0.9.39 | 3.20 | 29.72 | 32.92 | OK | |
r-release-linux-x86_64 | 0.9.39 | 4.01 | 29.98 | 33.99 | OK | |
r-release-macos-arm64 | 0.9.39 | 20.00 | OK | |||
r-release-macos-x86_64 | 0.9.39 | 29.00 | OK | |||
r-release-windows-x86_64 | 0.9.39 | 6.00 | 58.00 | 64.00 | OK | |
r-oldrel-macos-arm64 | 0.9.39 | 22.00 | OK | |||
r-oldrel-macos-x86_64 | 0.9.39 | 36.00 | OK | |||
r-oldrel-windows-x86_64 | 0.9.39 | 5.00 | 61.00 | 66.00 | OK |
Version: 0.9.39
Check: data for non-ASCII characters
Result: NOTE
Note: found 1 marked UTF-8 string
Flavors: r-devel-linux-x86_64-fedora-clang, r-devel-linux-x86_64-fedora-gcc