Last updated on 2024-08-07 00:49:13 CEST.
Flavor | Version | Tinstall | Tcheck | Ttotal | Status | Flags |
---|---|---|---|---|---|---|
r-devel-linux-x86_64-debian-clang | 1.6.1 | 12.10 | 158.99 | 171.09 | OK | |
r-devel-linux-x86_64-debian-gcc | 1.6.1 | 7.99 | 109.16 | 117.15 | OK | |
r-devel-linux-x86_64-fedora-clang | 1.6.1 | 279.46 | NOTE | |||
r-devel-linux-x86_64-fedora-gcc | 1.6.1 | 276.68 | OK | |||
r-devel-windows-x86_64 | 1.6.1 | 15.00 | 177.00 | 192.00 | NOTE | |
r-patched-linux-x86_64 | 1.6.1 | 15.18 | 152.25 | 167.43 | OK | |
r-release-linux-x86_64 | 1.6.1 | 11.73 | 153.84 | 165.57 | OK | |
r-release-macos-arm64 | 1.6.1 | 82.00 | NOTE | |||
r-release-macos-x86_64 | 1.6.1 | 201.00 | NOTE | |||
r-release-windows-x86_64 | 1.6.1 | 14.00 | 176.00 | 190.00 | NOTE | |
r-oldrel-macos-arm64 | 1.6.1 | 87.00 | NOTE | |||
r-oldrel-macos-x86_64 | 1.6.1 | 178.00 | NOTE | |||
r-oldrel-windows-x86_64 | 1.6.1 | 17.00 | 214.00 | 231.00 | NOTE |
Version: 1.6.1
Check: installed package size
Result: NOTE
installed size is 5.7Mb
sub-directories of 1Mb or more:
doc 4.3Mb
Flavors: r-devel-linux-x86_64-fedora-clang, r-devel-windows-x86_64, r-release-macos-arm64, r-release-macos-x86_64, r-release-windows-x86_64, r-oldrel-macos-arm64, r-oldrel-macos-x86_64, r-oldrel-windows-x86_64