Last updated on 2024-08-07 00:49:13 CEST.
Flavor | Version | Tinstall | Tcheck | Ttotal | Status | Flags |
---|---|---|---|---|---|---|
r-devel-linux-x86_64-debian-clang | 1.1.1 | 60.75 | 454.74 | 515.49 | OK | |
r-devel-linux-x86_64-debian-gcc | 1.1.1 | 46.81 | 332.12 | 378.93 | OK | |
r-devel-linux-x86_64-fedora-clang | 1.1.1 | 855.91 | OK | |||
r-devel-linux-x86_64-fedora-gcc | 1.1.1 | 823.09 | OK | |||
r-devel-windows-x86_64 | 1.1.1 | 64.00 | 391.00 | 455.00 | OK | |
r-patched-linux-x86_64 | 1.1.1 | 58.05 | 430.88 | 488.93 | OK | |
r-release-linux-x86_64 | 1.1.1 | 57.29 | 438.92 | 496.21 | OK | |
r-release-macos-arm64 | 1.1.1 | 241.00 | OK | |||
r-release-macos-x86_64 | 1.1.1 | 392.00 | OK | |||
r-release-windows-x86_64 | 1.1.1 | 66.00 | 389.00 | 455.00 | OK | |
r-oldrel-macos-arm64 | 1.1.1 | 10.00 | ERROR | |||
r-oldrel-macos-x86_64 | 1.1.1 | 11.00 | ERROR | |||
r-oldrel-windows-x86_64 | 1.1.1 | 86.00 | 537.00 | 623.00 | OK |
Version: 1.1.1
Check: package dependencies
Result: ERROR
Package required but not available: ‘GSVA’
See section ‘The DESCRIPTION file’ in the ‘Writing R Extensions’
manual.
Flavors: r-oldrel-macos-arm64, r-oldrel-macos-x86_64